{"id":4536,"date":"2025-03-10T11:10:10","date_gmt":"2025-03-10T10:10:10","guid":{"rendered":"https:\/\/e-zymove.com\/?post_type=product&#038;p=4536"},"modified":"2025-03-10T11:15:35","modified_gmt":"2025-03-10T10:15:35","slug":"pink-up-s-pro","status":"publish","type":"product","link":"https:\/\/e-zymove.com\/index.php\/produit\/pink-up-s-pro\/","title":{"rendered":"Pink &#8211; Up-S Pro"},"content":{"rendered":"<p>Le scooter \u00e9lectrique Pink Mobility Pink Up-S, version am\u00e9lior\u00e9e du\u00a0Pink-Up,\u00a0est destin\u00e9 aux professionnels. Il est la solution utilitaire pour les livreurs, coursiers, personnel se d\u00e9pla\u00e7ant d\u2019un site \u00e0 l\u2019autre. Ce scooter est robuste, fonctionnel et \u00e9conomique. Il dispose de\u00a0<strong>20% d\u2019autonomie en plus<\/strong>, d\u2019un nouvel \u00e9cran TFT, d\u2019une meilleure acc\u00e9l\u00e9ration dans les mont\u00e9es et surtout, d\u2019un\u00a0<strong>syst\u00e8me de freinage renforc\u00e9<\/strong>.<\/p>\n<p>La gamme professionnelle se d\u00e9cline en 3 versions :\u00a0<strong>Pink Up -S, Pink Up-S Pro, Pink Up-S Max.<\/strong><\/p>\n<h3>Une motorisation jusqu\u2019\u00e0 3 000 W<\/h3>\n<p>La nouvelle gamme de livraison de Pink propose des v\u00e9hicules de livraison 50 cc, pouvant atteindre\u00a0<strong>45 km\/h.<\/strong>\u00a0Il s\u2019agit d\u2019ailleurs de la vitesse maximale autoris\u00e9e pour les 2-roues \u00e9lectrique homologu\u00e9s de type L1e. Trois modes de conduite sont disponibles, permettant non seulement de g\u00e9rer la puissance d\u00e9livr\u00e9e en fonction des zones de circulation, tout en optimisant au maximum l\u2019autonomie.<\/p>\n<p>Les versions Pink Up-S et Pink Up-S Pro disposent d\u2019un moteur de\u00a0<strong>2 000 W<\/strong>\u00a0de puissance nominale. La version Pink Up-S Max, quant \u00e0 elle, propose une motorisation de<strong>\u00a03 000 W<\/strong>. Cette derni\u00e8re version est plus puissante, notamment dans les c\u00f4tes.<\/p>\n<h3>La gamme Pink Up-S : une autonomie rallong\u00e9e<\/h3>\n<p>Dot\u00e9s de batterie amovible, les scooters \u00e9lectriques de livraison de la gamme Pink Up-S sont capables de parcourir jusqu\u2019\u00e0 110 km au maximum, selon le mod\u00e8le choisi.<\/p>\n<ul>\n<li>La version Pink Up-S dispose d\u2019une batterie de 2.1 kWh autorisant\u00a0<strong>60 km d\u2019autonomie.<\/strong><\/li>\n<li>La version Pink Up-S Pro s\u2019\u00e9quipe d\u2019une batterie de 4.2 kWh autorisant une\u00a0<strong>autonomie de 110 km.<\/strong><\/li>\n<li>La version Pink Up-S Max est \u00e9quip\u00e9e d\u2019une batterie de 4.2 kWh autorisant une\u00a0<strong>autonomie de 90 km.<\/strong>\u00a0Bien qu\u2019\u00e9quip\u00e9 de la m\u00eame batterie, ce dernier mod\u00e8le d\u00e9livre plus de puissance moteur et utilise donc plus d\u2019\u00e9nergie : avec la m\u00eame capacit\u00e9 de batterie, ses performances d\u2019autonomie se verront r\u00e9duites.<\/li>\n<\/ul>\n<p>Les batteries se situent sous la selle et sont dot\u00e9es de cellules LC Lithium-NMC. Elles se rechargent en<strong>\u00a03 \u00e0 4 heures<\/strong>, sur une prise classique 220V. Vous pouvez \u00e9galement recharger votre Pink Up-S directement depuis le connecteur situ\u00e9 sous la selle, sans avoir besoin de sortir la batterie. Le chargeur de s\u00e9rie est de\u00a0<strong>72 V \/ 10 Ah.<\/strong><\/p>\n<h3>250 kg de charge maximale<\/h3>\n<p>La gamme Pink Up-S autorise une charge maximale de\u00a0<strong>250 kg.\u00a0<\/strong>De quoi charger votre v\u00e9hicule de livraison avec vos marchandises.<\/p>\n<p>Le poids \u00e0 vide avec batterie est de\u00a0<strong>110 kg<\/strong>\u00a0pour la version\u00a0<strong>Pink Up-S<\/strong>, contre\u00a0<strong>121 kg<\/strong>\u00a0pour les versions\u00a0<strong>S Pro<\/strong>\u00a0et\u00a0<strong>S Max<\/strong>. Relativement l\u00e9gers mais robustes, les scooters \u00e9lectriques de livraison Pink Mobility sont\u00a0<strong>faciles \u00e0 manier<\/strong>\u00a0et\u00a0<strong>adapt\u00e9s aux premi\u00e8res mains.<\/strong><\/p>\n<p>Par ailleurs, vous trouverez en option diff\u00e9rents accessoires, propos\u00e9s pour optimiser votre scooter de livraison. Entre autres, vous pouvez agr\u00e9menter votre scooter de :<\/p>\n<ul>\n<li>Caisson de livraison sur mesure<\/li>\n<li>Pare-brise<\/li>\n<li>Panier avant<\/li>\n<li>Sacoches<\/li>\n<li>Housse de protection de selle<\/li>\n<li>Support de t\u00e9l\u00e9phone<\/li>\n<li>Jupe de protection anti-pluie<\/li>\n<li>Traqueur GPS<\/li>\n<\/ul>\n<p>Le support de Top box, lui, est fourni de s\u00e9rie.<\/p>\n<h3>Une partie cycle professionnel et un tableau de bord TFT<\/h3>\n<p>La gamme Pink Up-S s\u2019\u00e9quipe de\u00a0<strong>freins \u00e0 disques AV et AR ventil\u00e9s<\/strong>. Avec un syst\u00e8me de frein renforc\u00e9, la s\u00e9curit\u00e9 du pilote est prioris\u00e9e.<\/p>\n<p>Le phare avant \u00e0\u00a0<strong>LED<\/strong>\u00a0assure une visibilit\u00e9 optimale lors des livraisons nocturnes.<\/p>\n<p>C\u00f4t\u00e9 confort, nous retrouvons \u00e0 l\u2019avant de ce v\u00e9hicule professionnel de livraison, une<strong>\u00a0fourche t\u00e9lescopique<\/strong>\u00a0pour r\u00e9duire les chocs et amortir les coups. De quoi aborder les routes pav\u00e9es sans crainte !<\/p>\n<p>L\u2019\u00e9cran num\u00e9rique TFT quant \u00e0 lui affiche les informations d\u2019usage basiques. Nous retrouvons notamment la capacit\u00e9 de batterie restante, puissance instantan\u00e9e, vitesse, nombre de kilom\u00e8tres parcourus, trip et modes de conduite s\u00e9lectionn\u00e9. Nous regrettons l\u2019absence de connectivit\u00e9 plus avanc\u00e9e.<\/p>\n<p><strong>En bref, cette nouvelle gamme professionnelle permet une circulation plus \u00e9conomique, sans bruit et sans \u00e9mission de CO2. Le tout avec une autonomie, un confort et une s\u00e9curit\u00e9 optimis\u00e9s !<\/strong><\/p>\n<p>La gamme Pink Mobility Pink Up-S est garantie 2 ans. Les batteries sont garanties 2 ans ou durant les 600 premiers cycles (premier des deux termes atteint).<\/p>\n","protected":false},"excerpt":{"rendered":"<div id=\"step1\">\n<div class=\"container\">\n<div class=\"col-md-12\">\n<div class=\"small-info\">\n<div class=\"row\">\n<div>\n<h2><strong>Pink &#8211; Up-S<\/strong><\/h2>\n<h3 class=\"eclair eclair-bigger uppercase gibson-semibold titleh3\">Puissance \u00e9quivalente \u00e0 un scooter \u00e9lectrique 50cc<\/h3>\n<div class=\"et_pb_module et_pb_text et_pb_text_1 et_pb_text_align_center et_pb_bg_layout_light et_multi_view__hover_selector\">\n<div class=\"et_pb_text_inner\" style=\"margin: 0px; padding: 0px; box-sizing: border-box; border: 0px; outline: 0px; font-size: 14px; text-size-adjust: 100%; vertical-align: baseline; background: transparent; position: relative;\" data-et-multi-view=\"{&quot;schema&quot;:{&quot;content&quot;:{&quot;desktop&quot;:&quot;&lt;h1&gt;La Gamme&lt;br \/&gt;Pink Up-s&lt;\/h1&gt;&quot;,&quot;tablet&quot;:&quot;&lt;h1 style=&quot;font-size: 50px;&quot;&gt;La Gamme&lt;br \/&gt;nPink&lt;br \/&gt;nUp-s&lt;\/h1&gt;&quot;,&quot;phone&quot;:&quot;&lt;h1 style=&quot;font-size: 30px;&quot;&gt;La Gamme&lt;br \/&gt;Pink&lt;br \/&gt;Up-S&lt;\/h1&gt;&quot;}},&quot;slug&quot;:&quot;et_pb_text&quot;}\" data-et-multi-view-load-tablet-hidden=\"true\" data-et-multi-view-load-phone-hidden=\"true\">\n<h1>La Gamme Pink Up-s<\/h1>\n<\/div>\n<\/div>\n<div class=\"et_pb_module et_pb_text et_pb_text_2 no-stroke et_pb_text_align_justified et_pb_bg_layout_light\">\n<div class=\"et_pb_text_inner\">\n<p>Avis \u00e0 tous les professionnels de la livraison du dernier kilom\u00e8tre, de la restauration livr\u00e9e et du d\u00e9pannage ! Le Pink Up-S vient \u00e9toffer la gamme Pink des scooters \u00e9lectriques utilitaires. Avec\u00a0<strong>20% d\u2019autonomie en plus<\/strong>, un\u00a0<strong>nouvel \u00e9cran TFT<\/strong>, une\u00a0<strong>meilleure acc\u00e9l\u00e9ration<\/strong>\u00a0dans les mont\u00e9es, un\u00a0<strong>syst\u00e8me de freinage renforc\u00e9\u00a0<\/strong>et surtout un<strong>\u00a0design modernis\u00e9<\/strong>, le Pink Up-S se d\u00e9cline en 3 versions : S, Pro ou Max.<\/p>\n<\/div>\n<\/div>\n<p><b><span data-contrast=\"auto\">Pink Up-S : <\/span><\/b>Avec son moteur de 2000 W et une homologation de type L1E, le nouveau scooter \u00e9lectrique de livraison Pink Up-S affiche une vitesse r\u00e9glementaire maximale de 45 km\/h. .<\/p>\n<p>Vendu avec un pack batterie 2,1 kWh et un chargeur 72V 10A<\/p>\n<p><b> <\/b><b><span data-contrast=\"auto\">Pink Up-S Pro :<\/span><\/b><span data-contrast=\"auto\">\u00a0Avec son moteur de 2000 W et une homologation de type L1E, le nouveau scooter \u00e9lectrique de livraison Pink Up-S affiche une vitesse r\u00e9glementaire maximale de 45 km\/h.<\/span><span data-ccp-props=\"{&quot;134233117&quot;:false,&quot;134233118&quot;:false,&quot;201341983&quot;:0,&quot;335551550&quot;:1,&quot;335551620&quot;:1,&quot;335559685&quot;:708,&quot;335559731&quot;:0,&quot;335559737&quot;:0,&quot;335559738&quot;:0,&quot;335559739&quot;:160,&quot;335559740&quot;:259}\">\u00a0<\/span><\/p>\n<p>Vendu avec un pack batterie 4,2 kWh et un chargeur 72V 10A<\/p>\n<p><b>Pink Up-S Max<\/b>\u00a0est un scooter de livraison 50cc disposant d\u2019un moteur 3000W et d\u2019un contr\u00f4leur plus puissant, pour les clients cherchant plus de puissance en cas de pentes raides ou de lourdes charges.<\/p>\n<p>Vendu avec un pack batterie 4,2 kWh et un chargeur 72V 10A<\/p>\n[embed]https:\/\/youtu.be\/AqN3Y1eYRhQ[\/embed]\n<\/div>\n<div class=\"col-md-6\"><em>Prix hors options affich\u00e9es et hors prestations de mise \u00e0 la route et immatriculation. Photo non contractuelle.<\/em><\/div>\n<\/div>\n<\/div>\n<\/div>\n<\/div>\n<\/div>\n<div class=\"grey-bg\">\n<div class=\"container\">\n<div id=\"step3\"><\/div>\n<\/div>\n<\/div>\n","protected":false},"featured_media":4525,"comment_status":"open","ping_status":"closed","template":"","meta":[],"product_brand":[],"product_cat":[107,35],"product_tag":[],"class_list":{"0":"post-4536","1":"product","2":"type-product","3":"status-publish","4":"has-post-thumbnail","6":"product_cat-livraison","7":"product_cat-scooters-50cc","9":"first","10":"instock","11":"taxable","12":"shipping-taxable","13":"purchasable","14":"product-type-simple"},"jetpack_sharing_enabled":true,"_links":{"self":[{"href":"https:\/\/e-zymove.com\/index.php\/wp-json\/wp\/v2\/product\/4536","targetHints":{"allow":["GET"]}}],"collection":[{"href":"https:\/\/e-zymove.com\/index.php\/wp-json\/wp\/v2\/product"}],"about":[{"href":"https:\/\/e-zymove.com\/index.php\/wp-json\/wp\/v2\/types\/product"}],"replies":[{"embeddable":true,"href":"https:\/\/e-zymove.com\/index.php\/wp-json\/wp\/v2\/comments?post=4536"}],"version-history":[{"count":1,"href":"https:\/\/e-zymove.com\/index.php\/wp-json\/wp\/v2\/product\/4536\/revisions"}],"predecessor-version":[{"id":4537,"href":"https:\/\/e-zymove.com\/index.php\/wp-json\/wp\/v2\/product\/4536\/revisions\/4537"}],"wp:featuredmedia":[{"embeddable":true,"href":"https:\/\/e-zymove.com\/index.php\/wp-json\/wp\/v2\/media\/4525"}],"wp:attachment":[{"href":"https:\/\/e-zymove.com\/index.php\/wp-json\/wp\/v2\/media?parent=4536"}],"wp:term":[{"taxonomy":"product_brand","embeddable":true,"href":"https:\/\/e-zymove.com\/index.php\/wp-json\/wp\/v2\/product_brand?post=4536"},{"taxonomy":"product_cat","embeddable":true,"href":"https:\/\/e-zymove.com\/index.php\/wp-json\/wp\/v2\/product_cat?post=4536"},{"taxonomy":"product_tag","embeddable":true,"href":"https:\/\/e-zymove.com\/index.php\/wp-json\/wp\/v2\/product_tag?post=4536"}],"curies":[{"name":"wp","href":"https:\/\/api.w.org\/{rel}","templated":true}]}}