{"id":4450,"date":"2025-03-09T15:13:52","date_gmt":"2025-03-09T14:13:52","guid":{"rendered":"https:\/\/e-zymove.com\/?post_type=product&#038;p=4450"},"modified":"2025-03-09T15:13:52","modified_gmt":"2025-03-09T14:13:52","slug":"teverun-tetra-4-moteurs","status":"publish","type":"product","link":"https:\/\/e-zymove.com\/index.php\/produit\/teverun-tetra-4-moteurs\/","title":{"rendered":"TEVERUN &#8211; TETRA 4 MOTEURS"},"content":{"rendered":"<table class=\"table\">\n<tbody>\n<tr>\n<td class=\"w-25\">Marque<\/td>\n<td class=\"w-75 text-muted\">TEVERUN<\/td>\n<\/tr>\n<tr>\n<td class=\"w-25\">Batterie<\/td>\n<td class=\"w-75 text-muted\">60V &#8211; 60Ah SK<\/td>\n<\/tr>\n<tr>\n<td class=\"w-25\">Autonomie<\/td>\n<td class=\"w-75 text-muted\">200 km<\/td>\n<\/tr>\n<tr>\n<td class=\"w-25\">Puissance nominale<\/td>\n<td class=\"w-75 text-muted\">1500W x 4<\/td>\n<\/tr>\n<tr>\n<td class=\"w-25\">Puissance max<\/td>\n<td class=\"w-75 text-muted\">9945,6W<\/td>\n<\/tr>\n<tr>\n<td class=\"w-25\">Vitesse brid\u00e9e<\/td>\n<td class=\"w-75 text-muted\">25 km\/h<\/td>\n<\/tr>\n<tr>\n<td class=\"w-25\">Vitesse max<\/td>\n<td class=\"w-75 text-muted\">55 km\/h<\/td>\n<\/tr>\n<tr>\n<td class=\"w-25\">Taille des roues<\/td>\n<td class=\"w-75 text-muted\">13 pouces<\/td>\n<\/tr>\n<tr>\n<td class=\"w-25\">Freinage<\/td>\n<td class=\"w-75 text-muted\">Hydraulique \u00e0 disque<\/td>\n<\/tr>\n<tr>\n<td class=\"w-25\">Poids<\/td>\n<td class=\"w-75 text-muted\">82,6 kg<\/td>\n<\/tr>\n<tr>\n<td class=\"w-25\">Certification<\/td>\n<td class=\"w-75 text-muted\">NO HOMOLOGADO DGT<\/td>\n<\/tr>\n<tr>\n<td class=\"w-25\">Suspension<\/td>\n<td class=\"w-75 text-muted\">Ressorts av\/ar<\/td>\n<\/tr>\n<tr>\n<td class=\"w-25\">Contr\u00f4leur<\/td>\n<td class=\"w-75 text-muted\">37A x 4 &#8211; Sine Wave<\/td>\n<\/tr>\n<tr>\n<td class=\"w-25\">Display<\/td>\n<td class=\"w-75 text-muted\">TFT 4 pouces<\/td>\n<\/tr>\n<tr>\n<td class=\"w-25\">Chargeur<\/td>\n<td class=\"w-75 text-muted\">67,2V 5A<\/td>\n<\/tr>\n<tr>\n<td class=\"w-25\">Verouillage<\/td>\n<td class=\"w-75 text-muted\">NFC<\/td>\n<\/tr>\n<tr>\n<td class=\"w-25\">Taille d\u00e9pli\u00e9e<\/td>\n<td class=\"w-75 text-muted\">1183 x 650 x 1264 mm (L x l x h)<\/td>\n<\/tr>\n<tr>\n<td class=\"w-25\">Taille pli\u00e9e<\/td>\n<td class=\"w-75 text-muted\">1183 x 650 x 534 mm (L x l x h)<\/td>\n<\/tr>\n<\/tbody>\n<\/table>\n","protected":false},"excerpt":{"rendered":"<section class=\"s_text_block o_colored_level pb0 pt24\" data-snippet=\"s_text_block\" data-name=\"Texte\">\n<div class=\"container s_allow_columns\">\n<h2 class=\"o_default_snippet_text\"><strong>Teverun &#8211; Tetra<\/strong><\/h2>\n<\/div>\n<\/section>\n<section class=\"s_text_block o_colored_level pb0 pt24\" data-snippet=\"s_text_block\" data-name=\"Texte\">\n<div class=\"s_allow_columns o_container_small\">\n<p class=\"o_default_snippet_text\">La\u00a0<strong>TEVERUN TETRA<\/strong>\u00a0est une nouveaut\u00e9 bien plus qu\u2019attendue pour les amateurs de trottinette \u00e9lectrique. Cette\u00a0trottinette\u00a0<b>tout-terrain<\/b>\u00a0\u00e0 4 roues motoris\u00e9es d\u2019une puissance de 1500W par roue est une r\u00e9elle\u00a0<b>fusion<\/b>\u00a0entre une trottinette \u00e9lectrique et un quad \u00e9lectrique. Ainsi, Teverun nous offre des avanc\u00e9es technologiques consid\u00e9rables sur cette machine.<\/p>\n[embed]https:\/\/youtu.be\/pJRSO9xJU48[\/embed]\n<h4 class=\"text-o-color-1\"><b class=\"o_default_snippet_text\">4 roues motoris\u00e9es mais pas que&#8230;<\/b><\/h4>\n<p>L\u2019heure n\u2019est plus \u00e0 la peur, aussi bien pour les sentiers que pour la ville !<\/p>\n<p>Cette trottinette hybride vous garantie un confort in\u00e9gal\u00e9 peu importe votre chemin. C\u2019est un \u00e9l\u00e9ment \u00e0 prendre en compte, les 4 roues vous donneront une sensation de s\u00e9curit\u00e9.<\/p>\n<p><strong>4 roues motoris\u00e9es<\/strong>, mais pas que, la Teverun Tetra se dote d\u2019une batterie 60V 60Ah (smart BMS). Cette trottinette \u00e9lectrique \u00e0 4 roues motrices de 1500W par roue vous assure une puissance de chaque cot\u00e9 qui rendra unique votre exp\u00e9rience de conduite.<\/p>\n<p><img decoding=\"async\" src=\"https:\/\/www.minimotors.fr\/web\/image\/222342-bc66523a\/TETRA-1.jpg\" \/><\/p>\n<h4 class=\"text-o-color-1\"><b class=\"o_default_snippet_text\">Aucun compromis<\/b><\/h4>\n<h3><strong>S\u00c9CURIT\u00c9 :<\/strong><\/h3>\n<p>D\u2019un point de vue s\u00e9curit\u00e9, sans compter ses grandes roues de 13 pouces, la Teverun Tetra poss\u00e8de\u00a0<strong>un freinage \u00e0 disques hydrauliques<\/strong>. Freiner n\u2019est d\u00e9sormais plus qu\u2019un jeu d\u2019enfant pour son conducteur. Teverun s\u2019assure de la protection de ses utilisateurs et la s\u00e9curit\u00e9 est un point cl\u00e9 pour la marque. La Tetra dispose \u00e9galement d\u2019un \u00e9clairage LED pour vous assister lors de vos balades nocturnes.<\/p>\n<p><img decoding=\"async\" src=\"https:\/\/www.minimotors.fr\/web\/image\/222343-b3419347\/TETRA-2.jpg\" \/><\/p>\n<h4 class=\"text-o-color-1\"><b class=\"o_default_snippet_text\">Etanch\u00e9it\u00e9 IP67<\/b><\/h4>\n<p class=\"o_default_snippet_text\">Et si on parlait de pluie, d\u2019\u00e9claboussures etc\u2026 La trottinette \u00e9lectrique Teverun Tetra pare \u00e9videmment ces soucis. En effet, son \u00e9tanch\u00e9it\u00e9\u00a0<strong>IP67<\/strong>\u00a0vient parfaitement prot\u00e9ger votre mod\u00e8le. Rouler avec la Tetra est\u00a0<strong>un plaisir indescriptible.<\/strong>\u00a0Imaginez partir avec votre trottinette et ne pas avoir \u00e0 vous soucier des impr\u00e9vus m\u00e9t\u00e9orologiques. C\u2019est aussi un luxe que vous pouvez vous permettre gr\u00e2ce \u00e0 cette derni\u00e8re.<\/p>\n<p><img decoding=\"async\" src=\"https:\/\/www.minimotors.fr\/web\/image\/222345-5c8a286a\/TETRA-3.jpg\" \/><\/p>\n<p>&nbsp;<\/p>\n<\/div>\n<\/section>\n","protected":false},"featured_media":4451,"comment_status":"open","ping_status":"closed","template":"","meta":[],"product_brand":[],"product_cat":[97,32],"product_tag":[],"class_list":{"0":"post-4450","1":"product","2":"type-product","3":"status-publish","4":"has-post-thumbnail","6":"product_cat-teverun","7":"product_cat-trottinettes","9":"first","10":"instock","11":"taxable","12":"shipping-taxable","13":"purchasable","14":"product-type-simple"},"jetpack_sharing_enabled":true,"_links":{"self":[{"href":"https:\/\/e-zymove.com\/index.php\/wp-json\/wp\/v2\/product\/4450","targetHints":{"allow":["GET"]}}],"collection":[{"href":"https:\/\/e-zymove.com\/index.php\/wp-json\/wp\/v2\/product"}],"about":[{"href":"https:\/\/e-zymove.com\/index.php\/wp-json\/wp\/v2\/types\/product"}],"replies":[{"embeddable":true,"href":"https:\/\/e-zymove.com\/index.php\/wp-json\/wp\/v2\/comments?post=4450"}],"version-history":[{"count":1,"href":"https:\/\/e-zymove.com\/index.php\/wp-json\/wp\/v2\/product\/4450\/revisions"}],"predecessor-version":[{"id":4457,"href":"https:\/\/e-zymove.com\/index.php\/wp-json\/wp\/v2\/product\/4450\/revisions\/4457"}],"wp:featuredmedia":[{"embeddable":true,"href":"https:\/\/e-zymove.com\/index.php\/wp-json\/wp\/v2\/media\/4451"}],"wp:attachment":[{"href":"https:\/\/e-zymove.com\/index.php\/wp-json\/wp\/v2\/media?parent=4450"}],"wp:term":[{"taxonomy":"product_brand","embeddable":true,"href":"https:\/\/e-zymove.com\/index.php\/wp-json\/wp\/v2\/product_brand?post=4450"},{"taxonomy":"product_cat","embeddable":true,"href":"https:\/\/e-zymove.com\/index.php\/wp-json\/wp\/v2\/product_cat?post=4450"},{"taxonomy":"product_tag","embeddable":true,"href":"https:\/\/e-zymove.com\/index.php\/wp-json\/wp\/v2\/product_tag?post=4450"}],"curies":[{"name":"wp","href":"https:\/\/api.w.org\/{rel}","templated":true}]}}