{"id":4341,"date":"2025-03-09T14:24:40","date_gmt":"2025-03-09T13:24:40","guid":{"rendered":"https:\/\/e-zymove.com\/?post_type=product&#038;p=4341"},"modified":"2025-03-09T14:24:40","modified_gmt":"2025-03-09T13:24:40","slug":"dualtron-victor-ltd-60v-28ah-2025","status":"publish","type":"product","link":"https:\/\/e-zymove.com\/index.php\/produit\/dualtron-victor-ltd-60v-28ah-2025\/","title":{"rendered":"DUALTRON &#8211; VICTOR LTD 60V 28AH 2025"},"content":{"rendered":"<table class=\"table\">\n<tbody>\n<tr>\n<td class=\"w-25\">Marque<\/td>\n<td class=\"w-75 text-muted\">DUALTRON<\/td>\n<\/tr>\n<tr>\n<td class=\"w-25\">Etanch\u00e9it\u00e9<\/td>\n<td class=\"w-75 text-muted\">IPX5<\/td>\n<\/tr>\n<tr>\n<td class=\"w-25\">Batterie<\/td>\n<td class=\"w-75 text-muted\">60V 28Ah CN<\/td>\n<\/tr>\n<tr>\n<td class=\"w-25\">Autonomie<\/td>\n<td class=\"w-75 text-muted\">90 km<\/td>\n<\/tr>\n<tr>\n<td class=\"w-25\">Puissance nominale<\/td>\n<td class=\"w-75 text-muted\">1300W x 2<\/td>\n<\/tr>\n<tr>\n<td class=\"w-25\">Puissance max<\/td>\n<td class=\"w-75 text-muted\">2000W x 2<\/td>\n<\/tr>\n<tr>\n<td class=\"w-25\">Vitesse brid\u00e9e<\/td>\n<td class=\"w-75 text-muted\">25 km\/h<\/td>\n<\/tr>\n<tr>\n<td class=\"w-25\">Vitesse max<\/td>\n<td class=\"w-75 text-muted\">85 km\/h<\/td>\n<\/tr>\n<tr>\n<td class=\"w-25\">Taille des roues<\/td>\n<td class=\"w-75 text-muted\">10 pouces<\/td>\n<\/tr>\n<tr>\n<td class=\"w-25\">Pneus<\/td>\n<td class=\"w-75 text-muted\">Tubeless anti-crevaison AO-XIN<\/td>\n<\/tr>\n<tr>\n<td class=\"w-25\">Freinage<\/td>\n<td class=\"w-75 text-muted\">Hydraulique NUTT<\/td>\n<\/tr>\n<tr>\n<td class=\"w-25\">Clignotants<\/td>\n<td class=\"w-75 text-muted\">Oui<\/td>\n<\/tr>\n<tr>\n<td class=\"w-25\">Poids<\/td>\n<td class=\"w-75 text-muted\">39,1 kg<\/td>\n<\/tr>\n<tr>\n<td class=\"w-25\">Certification<\/td>\n<td class=\"w-75 text-muted\">HOMOLOGADO DGT SEGUN B.O.E-A-2022-987<\/td>\n<\/tr>\n<tr>\n<td class=\"w-25\">Potencia nominal homologado DGT<\/td>\n<td class=\"w-75 text-muted\">Segun B.O.E-A-2022-987 Max. 1000W seg\u00fan modelo<\/td>\n<\/tr>\n<tr>\n<td class=\"w-25\">Suspension<\/td>\n<td class=\"w-75 text-muted\">Cartouches interchangeables<\/td>\n<\/tr>\n<tr>\n<td class=\"w-25\">\u00c9clairage<\/td>\n<td class=\"w-75 text-muted\">LED<\/td>\n<\/tr>\n<tr>\n<td class=\"w-25\">Charge max<\/td>\n<td class=\"w-75 text-muted\">120 kg<\/td>\n<\/tr>\n<tr>\n<td class=\"w-25\">Display<\/td>\n<td class=\"w-75 text-muted\">EY4 LCD Bluetooth<\/td>\n<\/tr>\n<tr>\n<td class=\"w-25\">Pente<\/td>\n<td class=\"w-75 text-muted\">70% \/ 35\u00b0<\/td>\n<\/tr>\n<tr>\n<td class=\"w-25\">Taille d\u00e9pli\u00e9e<\/td>\n<td class=\"w-75 text-muted\">1230 x 600 x 1300 mm (L x l x h)<\/td>\n<\/tr>\n<tr>\n<td class=\"w-25\">Taille pli\u00e9e<\/td>\n<td class=\"w-75 text-muted\">1230 x 260 x 560 mm (L x l x h)<\/td>\n<\/tr>\n<tr>\n<td class=\"w-25\">EAN<\/td>\n<td class=\"w-75 text-muted\">3701122125394<\/td>\n<\/tr>\n<\/tbody>\n<\/table>\n","protected":false},"excerpt":{"rendered":"<h2><strong>Dualtron Victor Limited \u00a0: La version la plus aboutie de la gamme Victor<\/strong><\/h2>\n<p><b>La\u00a0<\/b><strong>Dualtron Victor Limited\u00a0<\/strong>vient compl\u00e9ter la gamme d\u00e9j\u00e0 compos\u00e9 des mod\u00e8les\u00a0<a href=\"https:\/\/dualtron-store.com\/index.php\/produit\/dualtron-victor-21-ah-pro-30-ah\/\">Dualtron Victor<\/a>\u00a0,\u00a0<a href=\"https:\/\/dualtron-store.com\/index.php\/produit\/dualtron-victor-luxury-24-ah-et-30-ah\/\">Dualtron Victor Luxury<\/a>\u00a0et\u00a0<a href=\"https:\/\/dualtron-store.com\/index.php\/produit\/dualtron-victor-luxury-batterie-28-ah-et-35-ah\/\">Dualtron Victor Luxury +<\/a>\u00a0. Cette nouvelle version arriv\u00e9e en\u00a0<strong>2025<\/strong>\u00a0est la version la plus haut de gamme. La principale nouveaut\u00e9 de cette\u00a0<strong>Dualtron Victor Limited<\/strong>\u00a0concerne sa colonne, elle reprend celle de la fameuse Dualtron Thunder 3. Elle est bien s\u00fbr \u00e9quip\u00e9e du dernier \u00e9cran couleur EY4 qui affiche toutes les informations n\u00e9cessaires \u00e0 la conduite avec une excellente visibilit\u00e9. Elle est chauss\u00e9e de nouveau pneu avec une structure plus large que les pneus habituels tubeless et avec des rainures plus marqu\u00e9es. Comme toute la gamme victor, nous avons une puissance d\u2019environ 4000W et une vitesse de pointe d\u2019environ 75 km\/h.<\/p>\n[embed]https:\/\/youtu.be\/mv8KaiWN4Uo[\/embed]\n<h2><strong>Les caract\u00e9ristiques techniques de la Dualtron Victor Limited 2025<\/strong><\/h2>\n<p>Cette toute nouvelle\u00a0<strong>Dualtron Victor\u00a0<\/strong><b>limited<\/b>\u00a0est aussi longue ( au niveau du plateau ) que la Dualtron Victor Luxury +. Cot\u00e9 hauteur, nous sommes entre une Dualtron Victor Luxury et la Dualtron Victor Luxury +. \u00a0Nous avons 101 cm entre le plateau ( deck) et le guidon au niveau des poign\u00e9es.<\/p>\n<p>Cot\u00e9 performance, elle dispose de 2 moteurs brushless tr\u00e8s puissants. coupl\u00e9e \u00e0 un controleur de 30 amp\u00e8res, elle d\u00e9veloppe 4000 Watts.<\/p>\n<p>Afin de pouvoir arr\u00eater cette machine tr\u00e8s puissante dans toutes les conditions, elles disposent de freins puissants. Ce sont des freins disques hydrauliques 2 pistons de marque NUTT.<\/p>\n<p>Cot\u00e9 suspensions , elle reprend les blocs brevet\u00e9s par MiniMotors que l\u2019on retrouve sur la plupart des Dualtron haut de gamme.<\/p>\n<p>Equip\u00e9e d\u2019une grosse batterie ( 28 ah ou 35 ah) , vous pourrez parcourir plus de 50 km r\u00e9el sans probl\u00e8me quelque soit votre gabarit.<\/p>\n<p>&nbsp;<\/p>\n<h2><strong>2 versions de batterie propos\u00e9es : \u00a028 ou 35 amp\u00e8res\/heure<\/strong><\/h2>\n<p>Vous pouvez choisir parmi les 2 batteries suivantes :<\/p>\n<ul>\n<li><strong>60V 28 ah<\/strong><\/li>\n<li><strong>60V35 ah LG M50LT-21700.<\/strong><\/li>\n<\/ul>\n<h2><\/h2>\n<h2><strong>Bouton Single moteur \/ bimoteurs<\/strong><\/h2>\n<p>D\u2019origine, la\u00a0<strong>Dualtron Victor Limited<\/strong>\u00a0dispose d\u2019un bouton single\/dual sur le cot\u00e9 droit du guidon. Celui ci est activable facilement avec le pouce. Il permet de passer de 1 moteur \u00e0 2 moteurs. Cette fonction est activable \u00e0 l\u2019arr\u00eat mais \u00e9galement en roulant . Cela permet de pouvoir d\u00e9marrer \u201d tranquillement \u201d avec 1 moteur et ensuite de passer en Bimoteur.<\/p>\n<p>&nbsp;<\/p>\n<h2><strong>Nouveaux pneus 10 pouces tubeless<\/strong><\/h2>\n<p>Nouveaut\u00e9 : Elle dispose de nouveaux pneus tubeless encore jamais vu chez Dualtron. Ces pneus entre des pneus routes et des pneus semi-offroad. Il vous assurerons une excellente accroche quelque soit le terrain ! Ci-dessous des photos r\u00e9elles des pneus :<\/p>\n<p><img decoding=\"async\" src=\"https:\/\/dualtron-store.com\/wp-content\/uploads\/2025\/01\/pneu-dualtron-victor-limited-2-300x300.jpg\" alt=\"pneu-dualtron-victor-limited-1\" \/><\/p>\n<p><img decoding=\"async\" src=\"https:\/\/dualtron-store.com\/wp-content\/uploads\/2025\/01\/pneu-dualtron-victor-limited-1-1-300x267.jpg\" alt=\"pneu-dualtron-victor-limited-2\" \/><\/p>\n<h2><strong>La fiche technique de la Dualtron Victor Limited<\/strong><\/h2>\n<p><strong>Batterie\u00a0:<\/strong>\u00a0 28 ah ( environ 50 km r\u00e9el ) ou 35 ah (environ 70 km r\u00e9el \u00a0)<\/p>\n<p><strong>Puissance \u00a0:<\/strong>\u00a04000 W<\/p>\n<p><strong>Freinage\u00a0:<\/strong>\u00a0\u00a0Freins disques NUTT 140mm \u00a0hydraulique avant et arri\u00e8re + freins \u00e9lectriques KERS<\/p>\n<p><strong>Vitesse max\u00a0:<\/strong>\u00a025 km\/h sur voie publique ou 75 km\/ sur terrain priv\u00e9<\/p>\n<p><strong>Pneus :<\/strong>\u00a0Roues en 10 pouces tubeless<\/p>\n<p><strong>Suspensions\u00a0:<\/strong>\u00a0amortisseurs \u00e0 cartouche de suspension avant et arri\u00e8re<\/p>\n<p><strong>Dispositif d\u2019\u00e9clairage :<\/strong>\u00a0Feu led avant et arri\u00e8re, colonne lumineuse, bras lumineux, cot\u00e9s lat\u00e9raux du plateau lumineux, large feu arri\u00e8re au niveau du cale pied, clignotants , phare avant puissant.<\/p>\n","protected":false},"featured_media":4343,"comment_status":"open","ping_status":"closed","template":"","meta":[],"product_brand":[],"product_cat":[67,32],"product_tag":[],"class_list":{"0":"post-4341","1":"product","2":"type-product","3":"status-publish","4":"has-post-thumbnail","6":"product_cat-dualtron","7":"product_cat-trottinettes","9":"first","10":"instock","11":"taxable","12":"shipping-taxable","13":"purchasable","14":"product-type-simple"},"jetpack_sharing_enabled":true,"_links":{"self":[{"href":"https:\/\/e-zymove.com\/index.php\/wp-json\/wp\/v2\/product\/4341","targetHints":{"allow":["GET"]}}],"collection":[{"href":"https:\/\/e-zymove.com\/index.php\/wp-json\/wp\/v2\/product"}],"about":[{"href":"https:\/\/e-zymove.com\/index.php\/wp-json\/wp\/v2\/types\/product"}],"replies":[{"embeddable":true,"href":"https:\/\/e-zymove.com\/index.php\/wp-json\/wp\/v2\/comments?post=4341"}],"version-history":[{"count":1,"href":"https:\/\/e-zymove.com\/index.php\/wp-json\/wp\/v2\/product\/4341\/revisions"}],"predecessor-version":[{"id":4363,"href":"https:\/\/e-zymove.com\/index.php\/wp-json\/wp\/v2\/product\/4341\/revisions\/4363"}],"wp:featuredmedia":[{"embeddable":true,"href":"https:\/\/e-zymove.com\/index.php\/wp-json\/wp\/v2\/media\/4343"}],"wp:attachment":[{"href":"https:\/\/e-zymove.com\/index.php\/wp-json\/wp\/v2\/media?parent=4341"}],"wp:term":[{"taxonomy":"product_brand","embeddable":true,"href":"https:\/\/e-zymove.com\/index.php\/wp-json\/wp\/v2\/product_brand?post=4341"},{"taxonomy":"product_cat","embeddable":true,"href":"https:\/\/e-zymove.com\/index.php\/wp-json\/wp\/v2\/product_cat?post=4341"},{"taxonomy":"product_tag","embeddable":true,"href":"https:\/\/e-zymove.com\/index.php\/wp-json\/wp\/v2\/product_tag?post=4341"}],"curies":[{"name":"wp","href":"https:\/\/api.w.org\/{rel}","templated":true}]}}