{"id":4286,"date":"2025-03-09T12:51:16","date_gmt":"2025-03-09T11:51:16","guid":{"rendered":"https:\/\/e-zymove.com\/?post_type=product&#038;p=4286"},"modified":"2025-03-09T12:51:16","modified_gmt":"2025-03-09T11:51:16","slug":"dualtron-forever-60v-182a","status":"publish","type":"product","link":"https:\/\/e-zymove.com\/index.php\/produit\/dualtron-forever-60v-182a\/","title":{"rendered":"DUALTRON &#8211; FOREVER 60V 18,2A"},"content":{"rendered":"<table class=\"table\">\n<tbody>\n<tr>\n<td class=\"w-25\">Etanch\u00e9it\u00e9<\/td>\n<td class=\"w-75 text-muted\">IPX4<\/td>\n<\/tr>\n<tr>\n<td class=\"w-25\">Batterie<\/td>\n<td class=\"w-75 text-muted\">60V 18,2Ah<\/td>\n<\/tr>\n<tr>\n<td class=\"w-25\">Autonomie<\/td>\n<td class=\"w-75 text-muted\">50 km<\/td>\n<\/tr>\n<tr>\n<td class=\"w-25\">Puissance nominale<\/td>\n<td class=\"w-75 text-muted\">900W x 2<\/td>\n<\/tr>\n<tr>\n<td class=\"w-25\">Puissance max<\/td>\n<td class=\"w-75 text-muted\">1450W x 2<\/td>\n<\/tr>\n<tr>\n<td class=\"w-25\">Vitesse brid\u00e9e<\/td>\n<td class=\"w-75 text-muted\">25 km\/h<\/td>\n<\/tr>\n<tr>\n<td class=\"w-25\">Vitesse max<\/td>\n<td class=\"w-75 text-muted\">65 km\/h<\/td>\n<\/tr>\n<tr>\n<td class=\"w-25\">Freinage<\/td>\n<td class=\"w-75 text-muted\">Disque avant et arri\u00e8re + frein \u00e9lectrique<\/td>\n<\/tr>\n<tr>\n<td class=\"w-25\">Poids<\/td>\n<td class=\"w-75 text-muted\">24,9 kg<\/td>\n<\/tr>\n<tr>\n<td class=\"w-25\">Certification<\/td>\n<td class=\"w-75 text-muted\">HOMOLOGADO DGT SEGUN B.O.E-A-2022-987<\/td>\n<\/tr>\n<tr>\n<td class=\"w-25\">Taille d\u00e9pli\u00e9e<\/td>\n<td class=\"w-75 text-muted\">1130 x 650 x 1200 mm ( L x l x H)<\/td>\n<\/tr>\n<tr>\n<td class=\"w-25\">Taille pli\u00e9e<\/td>\n<td class=\"w-75 text-muted\">1130 x 250 x 510 mm ( L x l x H )<\/td>\n<\/tr>\n<\/tbody>\n<\/table>\n","protected":false},"excerpt":{"rendered":"<section class=\"s_text_block o_colored_level pb0 pt0\" data-snippet=\"s_text_block\" data-name=\"Texte\">\n<div class=\"s_allow_columns container\">\n<h1 class=\"o_default_snippet_text\">Dualtron &#8211; Forever &#8211; 60V 18,2A<\/h1>\n<\/div>\n<\/section>\n<section class=\"s_text_block o_colored_level pb0 pt16\" data-snippet=\"s_text_block\" data-name=\"Texte\">\n<div class=\"container s_allow_columns\">\n<p class=\"o_default_snippet_text\">La Dualtron Forever est une\u00a0<strong>trottinette \u00e9lectrique puissante et discr\u00e8te<\/strong>. Vous remarquerez son design \u00e9pur\u00e9 qui reprend des traits bien connus chez Dualtron. En effet, nous avons utilis\u00e9 comme base le\u00a0<strong>ch\u00e2ssis de la Dualtron Spider<\/strong>. Ainsi, la trottinette est tr\u00e8s l\u00e9g\u00e8re puisqu\u2019<strong>elle ne p\u00e8se que 25 kg<\/strong>. D\u2019autre part, elle est tr\u00e8s discr\u00e8te et permet de se d\u00e9placer en ville sans \u00eatre remarqu\u00e9.<\/p>\n<p>Cette Dualtron Forever s\u2019adresse aux utilisateurs recherchant une trottinette \u00e9lectrique\u00a0<strong>l\u00e9g\u00e8re et tr\u00e8s puissante<\/strong>. Avec ses deux moteurs, vous n\u2019aurez aucun souci pour monter les c\u00f4tes ou pour vous \u00e9lancer rapidement. Son poids est un ajout majeur pour la transporter au quotidien sans g\u00eane.<\/p>\n<h3>Une base de Dualtron Spider :<\/h3>\n<p>Vous le remarquerez tout de suite, la Dualtron Forever emprunte le\u00a0<strong>ch\u00e2ssis, la colonne de direction et le syst\u00e8me de pliage de la Dualtron Spider.<\/strong>\u00a0Ce choix est volontaire afin d\u2019obtenir une\u00a0<strong>trottinette fiable et l\u00e9g\u00e8re<\/strong>. En effet, la Dualtron Spider avait impressionn\u00e9 tout le monde lors de sa sortie avec son poids contenu. Cette Forever reprend donc les bases de la Spider tout en apportant une technologie plus moderne.<\/p>\n<p>Vous aimerez tout d\u2019abord le passage au\u00a0<strong>display EYE 3 connect\u00e9<\/strong>\u00a0qui permet de se relier \u00e0 l\u2019application Minimotors et ainsi de param\u00e9trer sa trottinette rapidement. Les autres points forts de l\u2019application sont bien s\u00fbr la g\u00e9olocalisation de la trottinette ainsi que le verrouillage pour plus de s\u00e9curit\u00e9.<\/p>\n<p>Vous remarquerez \u00e9galement que cette Dualtron Forever adopte des\u00a0<strong>roues 10 pouces<\/strong>\u00a0en\u00a0<a href=\"https:\/\/www.minimotors.fr\/product\/dualtron-2-et-eagle-et-new-spw-4-pneu-10x25\/\"><strong>pneus \u00e0 chambre \u00e0 air 10\u00d72,5\u2033<\/strong><\/a>. Ce sont les m\u00eames pneus que sur la Dualtron Eagle par exemple. Cependant, des nouveaux \u00e9l\u00e9ments ont \u00e9t\u00e9 ajout\u00e9s pour plus de confort :<\/p>\n<ul>\n<li>Deck silicone pour faciliter le nettoyage<\/li>\n<li>Repose pied arri\u00e8re pour une conduite plus s\u00e9curis\u00e9e<\/li>\n<li>Phare avant situ\u00e9 en haut de la colonne de direction<\/li>\n<\/ul>\n<\/div>\n<\/section>\n<section class=\"s_text_block pt40 o_colored_level pb0\" data-snippet=\"s_text_block\" data-name=\"Texte\">\n<div class=\"s_allow_columns container\">\n<p class=\"o_default_snippet_text\">Les caract\u00e9ristiques techniques de la Dualtron Forever :<\/p>\n<p>Sur le plan technique, la Dualtron Forever ne fait pas dans la l\u00e9g\u00e8ret\u00e9. En effet, vous verrez qu\u2019elle est \u00e9quip\u00e9e de\u00a0<strong>deux moteurs puissants de 1300W chacun<\/strong>\u00a0(puissance max). Cette puissance extr\u00eame en surprendra plus d\u2019un. Vous devrez bien vous tenir au guidon lors des acc\u00e9l\u00e9rations \u00e0 bord de cette DT Forever. Une fois toute la puissance lib\u00e9r\u00e9e, vous pourrez atteindre la\u00a0<strong>vitesse max de 65 km\/h<\/strong>. De quoi procurer des sensations de conduite intenses !<\/p>\n<p>Sur cette trottinette Forever, vous aimerez \u00e9galement la\u00a0<strong>batterie 60V 18,2Ah<\/strong>. Incorpor\u00e9e dans le deck, elle permet d\u2019obtenir\u00a0<strong>une autonomie maximale de 50 km<\/strong>\u00a0en une seule charge. Vous pourrez alors parcourir les kilom\u00e8tres lors de balades sans avoir besoin de recharger. D\u2019ailleurs, vous pourrez recharger la batterie de la Dualtron Forever en environ 4h \u00e0 l\u2019aide du\u00a0<strong>chargeur rapide<\/strong>\u00a0fourni avec.<\/p>\n<p>Cependant, le plus grand atout de cette Dualtron est son poids. En effet,\u00a0<strong>la Dualtron Forever ne p\u00e8se que 25 kg<\/strong>\u00a0et se classe ainsi\u00a0<strong>parmi les meilleures trottinettes \u00e9lectriques l\u00e9g\u00e8res<\/strong>. Vous serez ainsi bluff\u00e9 par la maniabilit\u00e9 et la puissance de cette machine d\u2019exception. Son poids contenu rend les acc\u00e9l\u00e9rations \u00e0 couper le souffle.<\/p>\n<h3>Test de la Dualtron Forever :<\/h3>\n<p>Vous l\u2019aurez compris, cette trottinette sportive n\u2019est pas \u00e0 mettre entre toutes les mains. C\u2019est\u00a0<strong>une trottinette \u00e9lectrique l\u00e9g\u00e8re mais surtout tr\u00e8s puissante<\/strong>. Une fois dessus, on se sent vite \u00e0 l\u2019aise car le deck pour poser les pieds est large et permet ainsi une grande stabilit\u00e9. La prise en main du guidon est facile et permet d\u2019acc\u00e9der rapidement aux diff\u00e9rents boutons ainsi qu\u2019\u00e0 l\u2019acc\u00e9l\u00e9rateur. L\u2019\u00e9cran EYE 3 connect\u00e9 vous donne toutes les informations n\u00e9cessaires \u00e0 la conduite de cette trottinette.<\/p>\n<p>Sur la route, la Forever se conduit de mani\u00e8re tr\u00e8s intuitive. Vous aimerez\u00a0<strong>sa l\u00e9g\u00e8ret\u00e9<\/strong>\u00a0qui fait d\u2019elle\u00a0<strong>une trottinette tr\u00e8s maniable mais \u00e9galement tr\u00e8s stable<\/strong>. La position de conduite est id\u00e9ale et le repose pieds arri\u00e8re vous aide \u00e0 bien vous caler lors de la conduite.<\/p>\n<p>\u00c0 l\u2019acc\u00e9l\u00e9ration, on ressent tout de suite\u00a0<strong>la puissance des deux moteurs de 1300W<\/strong>. Vous \u00eates propuls\u00e9 \u00e0 chaque reprise, ce qui rend la conduite sportive et agr\u00e9able. L\u2019acc\u00e9l\u00e9rateur au doigt rend les choses plus simples car vous pouvez g\u00e9rer facilement la puissance d\u00e9livr\u00e9e.<\/p>\n<p>En termes de confort, vous appr\u00e9cierez\u00a0<strong>les suspensions \u00e0 cartouches<\/strong>\u00a0car elle apportent un grand confort de conduite. D\u2019autre part,\u00a0<strong>les roues 10 pouces \u00e0 chambre \u00e0 air<\/strong>\u00a0permettent d\u2019am\u00e9liorer \u00e9galement le confort tout en optimisant la tenue de route. Ainsi, peu importe la surface sur laquelle vous roulez, la Dualtron Forever assurera votre confort et votre s\u00e9curit\u00e9.<\/p>\n<p class=\"o_default_snippet_text\">L\u2019autre point fort de la Forever, c\u2019est son freinage ! En effet, avec ses<strong>\u00a0freins \u00e0 disques \u00e0 l\u2019avant et \u00e0 l\u2019arri\u00e8re<\/strong>, vous pourrez vous arr\u00eater rapidement en toutes situations. Vous vous sentirez ainsi plus en s\u00e9curit\u00e9 lors de la conduite sur route ouverte o\u00f9 les dangers sont pr\u00e9sents. \u00c9vitez alors tout inconv\u00e9nient avec ce freinage id\u00e9al, doux et puissant.<\/p>\n<\/div>\n<\/section>\n<div><\/div>\n<p>&nbsp;<\/p>\n<p>&nbsp;<\/p>\n[embed]https:\/\/youtu.be\/cO3jJheSz7M[\/embed]\n","protected":false},"featured_media":4288,"comment_status":"open","ping_status":"closed","template":"","meta":[],"product_brand":[],"product_cat":[67,32],"product_tag":[],"class_list":{"0":"post-4286","1":"product","2":"type-product","3":"status-publish","4":"has-post-thumbnail","6":"product_cat-dualtron","7":"product_cat-trottinettes","9":"first","10":"instock","11":"taxable","12":"shipping-taxable","13":"purchasable","14":"product-type-simple"},"jetpack_sharing_enabled":true,"_links":{"self":[{"href":"https:\/\/e-zymove.com\/index.php\/wp-json\/wp\/v2\/product\/4286","targetHints":{"allow":["GET"]}}],"collection":[{"href":"https:\/\/e-zymove.com\/index.php\/wp-json\/wp\/v2\/product"}],"about":[{"href":"https:\/\/e-zymove.com\/index.php\/wp-json\/wp\/v2\/types\/product"}],"replies":[{"embeddable":true,"href":"https:\/\/e-zymove.com\/index.php\/wp-json\/wp\/v2\/comments?post=4286"}],"version-history":[{"count":1,"href":"https:\/\/e-zymove.com\/index.php\/wp-json\/wp\/v2\/product\/4286\/revisions"}],"predecessor-version":[{"id":4295,"href":"https:\/\/e-zymove.com\/index.php\/wp-json\/wp\/v2\/product\/4286\/revisions\/4295"}],"wp:featuredmedia":[{"embeddable":true,"href":"https:\/\/e-zymove.com\/index.php\/wp-json\/wp\/v2\/media\/4288"}],"wp:attachment":[{"href":"https:\/\/e-zymove.com\/index.php\/wp-json\/wp\/v2\/media?parent=4286"}],"wp:term":[{"taxonomy":"product_brand","embeddable":true,"href":"https:\/\/e-zymove.com\/index.php\/wp-json\/wp\/v2\/product_brand?post=4286"},{"taxonomy":"product_cat","embeddable":true,"href":"https:\/\/e-zymove.com\/index.php\/wp-json\/wp\/v2\/product_cat?post=4286"},{"taxonomy":"product_tag","embeddable":true,"href":"https:\/\/e-zymove.com\/index.php\/wp-json\/wp\/v2\/product_tag?post=4286"}],"curies":[{"name":"wp","href":"https:\/\/api.w.org\/{rel}","templated":true}]}}