{"id":3626,"date":"2024-03-19T17:23:43","date_gmt":"2024-03-19T16:23:43","guid":{"rendered":"https:\/\/e-zymove.com\/?post_type=product&#038;p=3626"},"modified":"2024-03-19T17:29:38","modified_gmt":"2024-03-19T16:29:38","slug":"virage-citadin-24-26","status":"publish","type":"product","link":"https:\/\/e-zymove.com\/index.php\/produit\/virage-citadin-24-26\/","title":{"rendered":"VIRAGE &#8211; Citadin 24&Prime; \/ 26&Prime;"},"content":{"rendered":"<div class=\"col-lg-3 col-sm-12 offset-lg-1\">\n<div class=\"col-lg-3 col-sm-12 offset-lg-1\">\n<h5>LES +<\/h5>\n<div>\n<ul>\n<li>Aide au d\u00e9marage<\/li>\n<li>Eclairage LED<\/li>\n<li>Fourche<\/li>\n<\/ul>\n<\/div>\n<h5>FREINS<\/h5>\n<div>\n<ul>\n<li>Disques<\/li>\n<li>Hydrauliques<\/li>\n<li>Avant \/ arri\u00e8re<\/li>\n<\/ul>\n<\/div>\n<h5>MOTEUR<\/h5>\n<div>\n<ul>\n<li>Sport Drive<\/li>\n<li>Central<\/li>\n<li>250W 100Nm<\/li>\n<\/ul>\n<\/div>\n<\/div>\n<div class=\"col-lg-3 col-sm-12\">\n<h5>BATTERIE<\/h5>\n<div>\n<ul>\n<li>672Wh<\/li>\n<li>48V Lithium<\/li>\n<\/ul>\n<\/div>\n<h5>TRANSMISSION<\/h5>\n<div>\n<ul>\n<li>11 vitesses par chaine<\/li>\n<li>SRAM NX<\/li>\n<li>Plateau 42T<\/li>\n<\/ul>\n<\/div>\n<h5>ROUES<\/h5>\n<div>\n<ul>\n<li>27,5 Pouces<\/li>\n<li>Section 2,125<\/li>\n<\/ul>\n<\/div>\n<h5>POIDS<\/h5>\n<div>24,5 Kg<\/div>\n<\/div>\n<\/div>\n","protected":false},"excerpt":{"rendered":"<div class=\"elementor-element elementor-element-29300848 elementor-widget elementor-widget-product-name elementor-widget-heading\" data-id=\"29300848\" data-element_type=\"widget\" data-widget_type=\"product-name.default\">\n<div class=\"elementor-widget-container\">\n<h1 class=\"ce-product-name elementor-heading-title elementor-size-default\"><span style=\"color: #000000;\">VIRAGE &#8211; Citadin 24&Prime; \/ 26&Prime;<\/span><\/h1>\n<h2>80Nm \/ 465Wh<\/h2>\n<\/div>\n<\/div>\n<div class=\"elementor-element elementor-element-4f5b72b3 ce-product-meta--layout-inline elementor-widget elementor-widget-product-meta elementor-overflow-hidden\" data-id=\"4f5b72b3\" data-element_type=\"widget\" data-widget_type=\"product-meta.default\">\n<div class=\"elementor-widget-container\">\n<div class=\"ce-product-meta\">\n<p>D\u00e9couvrez le CITADIN, un v\u00e9lo \u00e9lectrique de ville facile et styl\u00e9. Equip\u00e9 d&rsquo;un moteur central, ce v\u00e9lo se d\u00e9cline en 24 et 26 pouces, pour les petits et les grands, et en 4 coloris, pour plaire \u00e0 tous!<\/p>\n<\/div>\n<\/div>\n<\/div>\n","protected":false},"featured_media":3628,"comment_status":"open","ping_status":"closed","template":"","meta":[],"product_brand":[],"product_cat":[99],"product_tag":[],"class_list":{"0":"post-3626","1":"product","2":"type-product","3":"status-publish","4":"has-post-thumbnail","6":"product_cat-virage","8":"first","9":"instock","10":"taxable","11":"shipping-taxable","12":"purchasable","13":"product-type-simple"},"jetpack_sharing_enabled":true,"_links":{"self":[{"href":"https:\/\/e-zymove.com\/index.php\/wp-json\/wp\/v2\/product\/3626","targetHints":{"allow":["GET"]}}],"collection":[{"href":"https:\/\/e-zymove.com\/index.php\/wp-json\/wp\/v2\/product"}],"about":[{"href":"https:\/\/e-zymove.com\/index.php\/wp-json\/wp\/v2\/types\/product"}],"replies":[{"embeddable":true,"href":"https:\/\/e-zymove.com\/index.php\/wp-json\/wp\/v2\/comments?post=3626"}],"version-history":[{"count":1,"href":"https:\/\/e-zymove.com\/index.php\/wp-json\/wp\/v2\/product\/3626\/revisions"}],"predecessor-version":[{"id":3629,"href":"https:\/\/e-zymove.com\/index.php\/wp-json\/wp\/v2\/product\/3626\/revisions\/3629"}],"wp:featuredmedia":[{"embeddable":true,"href":"https:\/\/e-zymove.com\/index.php\/wp-json\/wp\/v2\/media\/3628"}],"wp:attachment":[{"href":"https:\/\/e-zymove.com\/index.php\/wp-json\/wp\/v2\/media?parent=3626"}],"wp:term":[{"taxonomy":"product_brand","embeddable":true,"href":"https:\/\/e-zymove.com\/index.php\/wp-json\/wp\/v2\/product_brand?post=3626"},{"taxonomy":"product_cat","embeddable":true,"href":"https:\/\/e-zymove.com\/index.php\/wp-json\/wp\/v2\/product_cat?post=3626"},{"taxonomy":"product_tag","embeddable":true,"href":"https:\/\/e-zymove.com\/index.php\/wp-json\/wp\/v2\/product_tag?post=3626"}],"curies":[{"name":"wp","href":"https:\/\/api.w.org\/{rel}","templated":true}]}}