{"id":3622,"date":"2024-03-19T17:11:38","date_gmt":"2024-03-19T16:11:38","guid":{"rendered":"https:\/\/e-zymove.com\/?post_type=product&#038;p=3622"},"modified":"2024-03-19T17:22:44","modified_gmt":"2024-03-19T16:22:44","slug":"virage-virage","status":"publish","type":"product","link":"https:\/\/e-zymove.com\/index.php\/produit\/virage-virage\/","title":{"rendered":"VIRAGE &#8211; Virage"},"content":{"rendered":"<div class=\"col-lg-3 col-sm-12 offset-lg-1\">\n<div class=\"col-lg-3 col-sm-12 offset-lg-1\">\n<h5>LES +<\/h5>\n<div>\n<ul>\n<li>Aide au d\u00e9marage<\/li>\n<li>Eclairage LED<\/li>\n<li>Fourche<\/li>\n<\/ul>\n<\/div>\n<h5>FREINS<\/h5>\n<div>\n<ul>\n<li>Disques<\/li>\n<li>Hydrauliques<\/li>\n<li>Avant \/ arri\u00e8re<\/li>\n<\/ul>\n<\/div>\n<h5>MOTEUR<\/h5>\n<div>\n<ul>\n<li>Sport Drive<\/li>\n<li>Central<\/li>\n<li>250W 100Nm<\/li>\n<\/ul>\n<\/div>\n<\/div>\n<div class=\"col-lg-3 col-sm-12\">\n<h5>BATTERIE<\/h5>\n<div>\n<ul>\n<li>672Wh<\/li>\n<li>48V Lithium<\/li>\n<\/ul>\n<\/div>\n<h5>TRANSMISSION<\/h5>\n<div>\n<ul>\n<li>11 vitesses par chaine<\/li>\n<li>SRAM NX<\/li>\n<li>Plateau 42T<\/li>\n<\/ul>\n<\/div>\n<h5>ROUES<\/h5>\n<div>\n<ul>\n<li>27,5 Pouces<\/li>\n<li>Section 2,125<\/li>\n<\/ul>\n<\/div>\n<h5>POIDS<\/h5>\n<div>24,5 Kg<\/div>\n<\/div>\n<\/div>\n","protected":false},"excerpt":{"rendered":"<div class=\"elementor-element elementor-element-29300848 elementor-widget elementor-widget-product-name elementor-widget-heading\" data-id=\"29300848\" data-element_type=\"widget\" data-widget_type=\"product-name.default\">\n<div class=\"elementor-widget-container\">\n<h1 class=\"ce-product-name elementor-heading-title elementor-size-default\"><span style=\"color: #000000;\">VIRAGE &#8211; Virage<\/span><\/h1>\n<h2>100Nm \/ 672Wh<\/h2>\n<\/div>\n<\/div>\n<div class=\"elementor-element elementor-element-4f5b72b3 ce-product-meta--layout-inline elementor-widget elementor-widget-product-meta elementor-overflow-hidden\" data-id=\"4f5b72b3\" data-element_type=\"widget\" data-widget_type=\"product-meta.default\">\n<div class=\"elementor-widget-container\">\n<div class=\"ce-product-meta\">\n<p><strong>Les v\u00e9los VIRAGE sont construit parle Groupe\u00a0 Virage situ\u00e9 \u00e0 Besan\u00e7on\u00a0 dans le Doubs. Le Groupe\u00a0 Virage est une soci\u00e9t\u00e9 qui construit des v\u00e9los \u00e9lectriques pour diff\u00e9rents acteurs de mobilit\u00e9. Le velo a \u00e9t\u00e9 con\u00e7u en France.<br \/>\nLe moteur est de conception fran\u00e7aise.<\/strong><\/p>\n<h2><strong>Le sp\u00e9cialiste du d\u00e9placement<\/strong><\/h2>\n<p>Un v\u00e9lo qui vous permets d\u2019aller o\u00f9 bon vous semble, que vous soyez en ville ou \u00e0 la campagne . A la fois \u00e9l\u00e9gant, sportif et puissant ce v\u00e9lo vous emm\u00e8nera loin.<\/p>\n<h2><strong>Un moteur de pointe<\/strong><\/h2>\n<p>Afin de fournir le produit le plus haut de gamme possible, le moteur\u00a0<strong>SportDrive<\/strong>\u00a0du VIRAGE est propri\u00e9taire du Groupe Virage. Ce tout nouvel engin d\u00e9velopp\u00e9 par nos soins est int\u00e9gr\u00e9 directement dans le p\u00e9dalier et assure \u00e0 la fois puissance et maitrise gr\u00e2ce \u00e0 sa technologie de pouss\u00e9e proportionnelle.<\/p>\n<h2><strong>Sensationnel<\/strong><\/h2>\n<p>Bien qu\u2019il ait \u00e9t\u00e9 construit dans le but de faciliter les d\u00e9placements, une fois en selle, les sensations sont au rendez-vous. En effet, gr\u00e2ce \u00e0 son d\u00e9railleur externe et \u00e0 la r\u00e9activit\u00e9 du moteur\u00a0<strong>SportDrive<\/strong>, vous red\u00e9couvrirez chacun de vos trajets !<\/p>\n<\/div>\n<\/div>\n<\/div>\n","protected":false},"featured_media":3624,"comment_status":"open","ping_status":"closed","template":"","meta":[],"product_brand":[],"product_cat":[99],"product_tag":[],"class_list":{"0":"post-3622","1":"product","2":"type-product","3":"status-publish","4":"has-post-thumbnail","6":"product_cat-virage","8":"first","9":"instock","10":"taxable","11":"shipping-taxable","12":"purchasable","13":"product-type-simple"},"jetpack_sharing_enabled":true,"_links":{"self":[{"href":"https:\/\/e-zymove.com\/index.php\/wp-json\/wp\/v2\/product\/3622","targetHints":{"allow":["GET"]}}],"collection":[{"href":"https:\/\/e-zymove.com\/index.php\/wp-json\/wp\/v2\/product"}],"about":[{"href":"https:\/\/e-zymove.com\/index.php\/wp-json\/wp\/v2\/types\/product"}],"replies":[{"embeddable":true,"href":"https:\/\/e-zymove.com\/index.php\/wp-json\/wp\/v2\/comments?post=3622"}],"version-history":[{"count":1,"href":"https:\/\/e-zymove.com\/index.php\/wp-json\/wp\/v2\/product\/3622\/revisions"}],"predecessor-version":[{"id":3625,"href":"https:\/\/e-zymove.com\/index.php\/wp-json\/wp\/v2\/product\/3622\/revisions\/3625"}],"wp:featuredmedia":[{"embeddable":true,"href":"https:\/\/e-zymove.com\/index.php\/wp-json\/wp\/v2\/media\/3624"}],"wp:attachment":[{"href":"https:\/\/e-zymove.com\/index.php\/wp-json\/wp\/v2\/media?parent=3622"}],"wp:term":[{"taxonomy":"product_brand","embeddable":true,"href":"https:\/\/e-zymove.com\/index.php\/wp-json\/wp\/v2\/product_brand?post=3622"},{"taxonomy":"product_cat","embeddable":true,"href":"https:\/\/e-zymove.com\/index.php\/wp-json\/wp\/v2\/product_cat?post=3622"},{"taxonomy":"product_tag","embeddable":true,"href":"https:\/\/e-zymove.com\/index.php\/wp-json\/wp\/v2\/product_tag?post=3622"}],"curies":[{"name":"wp","href":"https:\/\/api.w.org\/{rel}","templated":true}]}}