{"id":3613,"date":"2024-03-19T17:01:49","date_gmt":"2024-03-19T16:01:49","guid":{"rendered":"https:\/\/e-zymove.com\/?post_type=product&#038;p=3613"},"modified":"2024-03-19T17:11:20","modified_gmt":"2024-03-19T16:11:20","slug":"virage-fleuron","status":"publish","type":"product","link":"https:\/\/e-zymove.com\/index.php\/produit\/virage-fleuron\/","title":{"rendered":"VIRAGE &#8211; Fleuron"},"content":{"rendered":"<div class=\"col-lg-3 col-sm-12 offset-lg-1\">\n<div class=\"col-lg-3 col-sm-12 offset-lg-1\">\n<h5>LES +<\/h5>\n<div>\n<ul>\n<li>Aide au d\u00e9marage<\/li>\n<li>Eclairage LED<\/li>\n<li>Potence r\u00e9glable<\/li>\n<\/ul>\n<\/div>\n<h5>FREINS<\/h5>\n<div>\n<ul>\n<li>Disques<\/li>\n<li>Hydrauliques<\/li>\n<li>Avant \/ arri\u00e8re<\/li>\n<\/ul>\n<\/div>\n<h5>MOTEUR<\/h5>\n<div>\n<ul>\n<li>Sport Drive<\/li>\n<li>Central<\/li>\n<li>250W 100Nm<\/li>\n<\/ul>\n<\/div>\n<\/div>\n<div class=\"col-lg-3 col-sm-12\">\n<h5>BATTERIE<\/h5>\n<div>\n<ul>\n<li>\u00a0624Wh<\/li>\n<li>48V Lithium<\/li>\n<\/ul>\n<\/div>\n<h5>TRANSMISSION<\/h5>\n<div>\n<ul>\n<li>8 vitesses par chaine<\/li>\n<li>SRAM X4<\/li>\n<li>Plateau 42T<\/li>\n<\/ul>\n<\/div>\n<h5>ROUES<\/h5>\n<div>\n<ul>\n<li>26 Pouces<\/li>\n<li>Section 2,125<\/li>\n<\/ul>\n<\/div>\n<h5>POIDS<\/h5>\n<div>23,7 Kg<\/div>\n<\/div>\n<\/div>\n","protected":false},"excerpt":{"rendered":"<div class=\"elementor-element elementor-element-29300848 elementor-widget elementor-widget-product-name elementor-widget-heading\" data-id=\"29300848\" data-element_type=\"widget\" data-widget_type=\"product-name.default\">\n<div class=\"elementor-widget-container\">\n<h1>VIRAGE &#8211; Fleuron<\/h1>\n<h2>100Nm \/ 624Wh<\/h2>\n<p>Con\u00e7u pour le cycliste adepte des longues balades entre route et chemin et recherchant un p\u00e9dalage plus sportif, le Fleuron est un VTC \u00e9lectrique dont les sensations sont les plus proches de celles d\u2019un v\u00e9lo traditionnel. Dot\u00e9 de pneus tout chemin, d\u2019une potence r\u00e9glable, d\u2019une fourche blocable au guidon et de feux stops reli\u00e9s aux freins, le Fleuron est le parfait compagnon du cycliste baroudeur.<\/p>\n<\/div>\n<\/div>\n","protected":false},"featured_media":3614,"comment_status":"open","ping_status":"closed","template":"","meta":[],"product_brand":[],"product_cat":[99],"product_tag":[],"class_list":{"0":"post-3613","1":"product","2":"type-product","3":"status-publish","4":"has-post-thumbnail","6":"product_cat-virage","8":"first","9":"instock","10":"taxable","11":"shipping-taxable","12":"purchasable","13":"product-type-simple"},"jetpack_sharing_enabled":true,"_links":{"self":[{"href":"https:\/\/e-zymove.com\/index.php\/wp-json\/wp\/v2\/product\/3613","targetHints":{"allow":["GET"]}}],"collection":[{"href":"https:\/\/e-zymove.com\/index.php\/wp-json\/wp\/v2\/product"}],"about":[{"href":"https:\/\/e-zymove.com\/index.php\/wp-json\/wp\/v2\/types\/product"}],"replies":[{"embeddable":true,"href":"https:\/\/e-zymove.com\/index.php\/wp-json\/wp\/v2\/comments?post=3613"}],"version-history":[{"count":1,"href":"https:\/\/e-zymove.com\/index.php\/wp-json\/wp\/v2\/product\/3613\/revisions"}],"predecessor-version":[{"id":3621,"href":"https:\/\/e-zymove.com\/index.php\/wp-json\/wp\/v2\/product\/3613\/revisions\/3621"}],"wp:featuredmedia":[{"embeddable":true,"href":"https:\/\/e-zymove.com\/index.php\/wp-json\/wp\/v2\/media\/3614"}],"wp:attachment":[{"href":"https:\/\/e-zymove.com\/index.php\/wp-json\/wp\/v2\/media?parent=3613"}],"wp:term":[{"taxonomy":"product_brand","embeddable":true,"href":"https:\/\/e-zymove.com\/index.php\/wp-json\/wp\/v2\/product_brand?post=3613"},{"taxonomy":"product_cat","embeddable":true,"href":"https:\/\/e-zymove.com\/index.php\/wp-json\/wp\/v2\/product_cat?post=3613"},{"taxonomy":"product_tag","embeddable":true,"href":"https:\/\/e-zymove.com\/index.php\/wp-json\/wp\/v2\/product_tag?post=3613"}],"curies":[{"name":"wp","href":"https:\/\/api.w.org\/{rel}","templated":true}]}}