{"id":3600,"date":"2024-03-19T15:44:50","date_gmt":"2024-03-19T14:44:50","guid":{"rendered":"https:\/\/e-zymove.com\/?post_type=product&#038;p=3600"},"modified":"2024-03-19T15:49:17","modified_gmt":"2024-03-19T14:49:17","slug":"virage-hydro-s","status":"publish","type":"product","link":"https:\/\/e-zymove.com\/index.php\/produit\/virage-hydro-s\/","title":{"rendered":"VIRAGE &#8211; Hydro S"},"content":{"rendered":"<div class=\"col-lg-3 col-sm-12 offset-lg-1\">\n<h5>LES +<\/h5>\n<div>\n<ul>\n<li>Aide au d\u00e9marage<\/li>\n<li>Eclairage LED<\/li>\n<li>Potence r\u00e9glable<\/li>\n<\/ul>\n<\/div>\n<h5>FREINS<\/h5>\n<div>\n<ul>\n<li>Disques<\/li>\n<li>Hydrauliques<\/li>\n<li>Avant \/ arri\u00e8re<\/li>\n<\/ul>\n<\/div>\n<h5>MOTEUR<\/h5>\n<div>\n<ul>\n<li>Push Drive<\/li>\n<li>Arri\u00e8re<\/li>\n<li>250W 60Nm<\/li>\n<\/ul>\n<\/div>\n<\/div>\n<div class=\"col-lg-3 col-sm-12\">\n<h5>BATTERIE<\/h5>\n<div>\n<ul>\n<li>540Wh<\/li>\n<li>48V Lithium<\/li>\n<\/ul>\n<\/div>\n<h5>TRANSMISSION<\/h5>\n<div>\n<ul>\n<li>8 vitesses par chaine<\/li>\n<li>SRAM X4<\/li>\n<li>Plateau 48T<\/li>\n<\/ul>\n<\/div>\n<h5>ROUES<\/h5>\n<div>\n<ul>\n<li>26 Pouces<\/li>\n<li>Section 2,125<\/li>\n<\/ul>\n<\/div>\n<h5>POIDS<\/h5>\n<div>25 Kg<\/div>\n<\/div>\n","protected":false},"excerpt":{"rendered":"<div class=\"elementor-element elementor-element-29300848 elementor-widget elementor-widget-product-name elementor-widget-heading\" data-id=\"29300848\" data-element_type=\"widget\" data-widget_type=\"product-name.default\">\n<div class=\"elementor-widget-container\">\n<h1>VIRAGE &#8211; Hydro S<\/h1>\n<h2>60Nm \/ 540Wh<\/h2>\n<p>Con\u00e7u pour \u00eatre le v\u00e9lo \u00e9lectrique le plus polyvalent, l\u2019Hydro a su tirer profit des technologies \u00e9lectriques tout en conservant l\u2019authenticit\u00e9 du v\u00e9lo classique. Il se d\u00e9brouille aussi bien en ville lors de ballades que lors de randonn\u00e9es Trekking sur route ou sur chemins de for\u00eat.<\/p>\n<h3><strong>Pratique<\/strong><\/h3>\n<p>Gr\u00e2ce \u00e0 sa g\u00e9om\u00e9trie ouverte, il est tr\u00e8s facile d\u2019enjamber le cadre. La position du cycliste sur le v\u00e9lo permet une adaptation parfaite des \u00e9quipements anti pluie tels que le VELTOP\u00ae, le POPPINS\u00ae ou un simple poncho.<\/p>\n<h3><strong>Votre atout au quotidien<\/strong><\/h3>\n<p>Avec le nouveau moteur R&amp;R Manufacturing\u00ae Push Drive, l\u2019Hydro repose sur un syst\u00e8me de pouss\u00e9e continue particuli\u00e8rement adapter \u00e0 des trajets de type domicile-travail. En effet, gr\u00e2ce \u00e0 cette technologie, vous vous laisserez guider par l\u2019assistance \u00e9lectrique d\u00e8s le premier coup de p\u00e9dale.<\/p>\n<h3><strong>Maniable<\/strong><\/h3>\n<p>Un v\u00e9lo \u00e9lectrique \u00e9tant plus lourd qu\u2019un v\u00e9lo classique, il est important de garder un centre de gravit\u00e9 bas. L\u2019Hydro est \u00e9quip\u00e9 de roues 26\u2033 avec une r\u00e9partition tr\u00e8s basse du poids afin de profiter de sensations plus proches de celles d\u2019un v\u00e9lo classique.<\/p>\n<\/div>\n<\/div>\n","protected":false},"featured_media":3601,"comment_status":"open","ping_status":"closed","template":"","meta":[],"product_brand":[],"product_cat":[99],"product_tag":[],"class_list":{"0":"post-3600","1":"product","2":"type-product","3":"status-publish","4":"has-post-thumbnail","6":"product_cat-virage","8":"first","9":"instock","10":"taxable","11":"shipping-taxable","12":"purchasable","13":"product-type-simple"},"jetpack_sharing_enabled":true,"_links":{"self":[{"href":"https:\/\/e-zymove.com\/index.php\/wp-json\/wp\/v2\/product\/3600","targetHints":{"allow":["GET"]}}],"collection":[{"href":"https:\/\/e-zymove.com\/index.php\/wp-json\/wp\/v2\/product"}],"about":[{"href":"https:\/\/e-zymove.com\/index.php\/wp-json\/wp\/v2\/types\/product"}],"replies":[{"embeddable":true,"href":"https:\/\/e-zymove.com\/index.php\/wp-json\/wp\/v2\/comments?post=3600"}],"version-history":[{"count":2,"href":"https:\/\/e-zymove.com\/index.php\/wp-json\/wp\/v2\/product\/3600\/revisions"}],"predecessor-version":[{"id":3603,"href":"https:\/\/e-zymove.com\/index.php\/wp-json\/wp\/v2\/product\/3600\/revisions\/3603"}],"wp:featuredmedia":[{"embeddable":true,"href":"https:\/\/e-zymove.com\/index.php\/wp-json\/wp\/v2\/media\/3601"}],"wp:attachment":[{"href":"https:\/\/e-zymove.com\/index.php\/wp-json\/wp\/v2\/media?parent=3600"}],"wp:term":[{"taxonomy":"product_brand","embeddable":true,"href":"https:\/\/e-zymove.com\/index.php\/wp-json\/wp\/v2\/product_brand?post=3600"},{"taxonomy":"product_cat","embeddable":true,"href":"https:\/\/e-zymove.com\/index.php\/wp-json\/wp\/v2\/product_cat?post=3600"},{"taxonomy":"product_tag","embeddable":true,"href":"https:\/\/e-zymove.com\/index.php\/wp-json\/wp\/v2\/product_tag?post=3600"}],"curies":[{"name":"wp","href":"https:\/\/api.w.org\/{rel}","templated":true}]}}