{"id":3495,"date":"2024-03-01T10:43:06","date_gmt":"2024-03-01T09:43:06","guid":{"rendered":"https:\/\/e-zymove.com\/?post_type=product&#038;p=3495"},"modified":"2025-03-10T13:24:46","modified_gmt":"2025-03-10T12:24:46","slug":"e-presto-air","status":"publish","type":"product","link":"https:\/\/e-zymove.com\/index.php\/produit\/e-presto-air\/","title":{"rendered":"E-presto air"},"content":{"rendered":"<section class=\"ova-page-section\">\n<div class=\"container\">\n<div class=\" ovatheme_woo_nosidebar\">\n<div class=\"ireca_detail_shop\">\n<div id=\"product-3314\" class=\"product type-product post-3314 status-publish first onbackorder product_cat-easy-watts product_cat-scooters-50cc has-post-thumbnail taxable shipping-taxable purchasable product-type-simple\">\n<div class=\"woocommerce-tabs wc-tabs-wrapper\">\n<div id=\"tab-description\" class=\"woocommerce-Tabs-panel woocommerce-Tabs-panel--description panel entry-content wc-tab\" role=\"tabpanel\" aria-labelledby=\"tab-title-description\">\n<div class=\"elementor-widget elementor-element elementor-element-cupntks elementor-widget-heading\" data-element_type=\"heading\">\n<div class=\"elementor-widget-container\">\n<h3 class=\"elementor-heading-title elementor-size-default none\"><\/h3>\n<\/div>\n<\/div>\n<p><strong>Type de v\u00e9hicule \u2013\u00a0<\/strong>Scooter \u00e9lectrique<\/p>\n<hr \/>\n<p><strong>Vitesse max \u2013\u00a0<\/strong>45 km\/h<\/p>\n<hr \/>\n<p><strong>Marche arri\u00e8re \u2013\u00a0<\/strong>Non<\/p>\n<hr \/>\n<p><strong>\u00c9cran de contr\u00f4le \u2013\u00a0<\/strong>LED<\/p>\n<hr \/>\n<p><strong>S\u00e9curit\u00e9 antivol \u2013\u00a0<\/strong>Batterie amovible, guidon verrouillable<\/p>\n<hr \/>\n<p><strong>Type de moteur \u2013\u00a0<\/strong>Brushless en moyeu de roue arri\u00e8re<\/p>\n<hr \/>\n<p><strong>Puissance moteur nette \u2013\u00a0<\/strong>2400 Watts<\/p>\n<hr \/>\n<p><strong>Couple \u2013<\/strong> 44 nm \u00e0 1175 tr\/min<\/p>\n<hr \/>\n<p><strong>Type de batterie \u2013\u00a0<\/strong>Lithium-ion NMC<\/p>\n<hr \/>\n<p><strong>Voltage batterie \u2013<\/strong> 48 Volts<\/p>\n<hr \/>\n<p><strong>Amp\u00e8re \/ Heure batterie \u2013 <\/strong>65\u00a0Ah<\/p>\n<hr \/>\n<p><strong>Kilowattheures \u2013 <\/strong>3.12\u00a0Kwh<\/p>\n<hr \/>\n<p><strong>Autonomie ( conduite \u00e9co ) \u2013 <\/strong>100\u00a0km<\/p>\n<hr \/>\n<p><strong>Autonomie ( conduite pleine puissance ) \u2013 <\/strong>80\u00a0km<\/p>\n<hr \/>\n<p><strong>Batterie amovible \u2013\u00a0<\/strong>Oui<\/p>\n<\/div>\n<\/div>\n<\/div>\n<\/div>\n<\/div>\n<\/div>\n<\/section>\n<footer class=\"footer footer_default\">\n<div class=\"container\">\n<div class=\"row top\">\n<div class=\"col-lg-3 col-md-6\">\n<div class=\"footer_col1\"><\/div>\n<\/div>\n<\/div>\n<\/div>\n<\/footer>\n","protected":false},"excerpt":{"rendered":"<h1><img decoding=\"async\" class=\"alignnone wp-image-3186\" src=\"https:\/\/e-zymove.com\/wp-content\/uploads\/2024\/02\/logo-300x87.png\" alt=\"\" width=\"217\" height=\"63\" srcset=\"https:\/\/e-zymove.com\/wp-content\/uploads\/2024\/02\/logo-300x87.png 300w, https:\/\/e-zymove.com\/wp-content\/uploads\/2024\/02\/logo-600x173.png 600w, https:\/\/e-zymove.com\/wp-content\/uploads\/2024\/02\/logo-350x101.png 350w, https:\/\/e-zymove.com\/wp-content\/uploads\/2024\/02\/logo.png 755w\" sizes=\"(max-width: 217px) 100vw, 217px\" \/><\/h1>\n<h1><strong> E-presto air<\/strong><\/h1>\n<p>easy-Watts vous propose en exclusivit\u00e9 un tout nouveau mod\u00e8le de batterie.<\/p>\n<p>La batterie au lithium du e-presto air embarque 48 Volts et 65 Ah (Amp\u00e8re\/heure), soit 3,12 kWh.<\/p>\n<p>Avec seulement 14,4 kg, sa batterie amovible est plus l\u00e9g\u00e8re que celle du e-presto (qui p\u00e8se 22kg)<\/p>\n<p>Et pourtant, elle vous permettra toujours un maximum d&rsquo;autonomie !<\/p>\n<p><img decoding=\"async\" class=\"alignnone wp-image-3462\" src=\"https:\/\/e-zymove.com\/wp-content\/uploads\/2024\/03\/60-a-80-km-300x300.png\" alt=\"\" width=\"146\" height=\"146\" srcset=\"https:\/\/e-zymove.com\/wp-content\/uploads\/2024\/03\/60-a-80-km-300x300.png 300w, https:\/\/e-zymove.com\/wp-content\/uploads\/2024\/03\/60-a-80-km-100x100.png 100w, https:\/\/e-zymove.com\/wp-content\/uploads\/2024\/03\/60-a-80-km-600x600.png 600w, https:\/\/e-zymove.com\/wp-content\/uploads\/2024\/03\/60-a-80-km-1024x1024.png 1024w, https:\/\/e-zymove.com\/wp-content\/uploads\/2024\/03\/60-a-80-km-150x150.png 150w, https:\/\/e-zymove.com\/wp-content\/uploads\/2024\/03\/60-a-80-km-768x768.png 768w, https:\/\/e-zymove.com\/wp-content\/uploads\/2024\/03\/60-a-80-km-350x350.png 350w, https:\/\/e-zymove.com\/wp-content\/uploads\/2024\/03\/60-a-80-km.png 1080w\" sizes=\"(max-width: 146px) 100vw, 146px\" \/> \u00a0<img decoding=\"async\" class=\"alignnone wp-image-3328\" src=\"https:\/\/e-zymove.com\/wp-content\/uploads\/2024\/02\/vitesse-300x300.png\" alt=\"\" width=\"146\" height=\"146\" srcset=\"https:\/\/e-zymove.com\/wp-content\/uploads\/2024\/02\/vitesse-300x300.png 300w, https:\/\/e-zymove.com\/wp-content\/uploads\/2024\/02\/vitesse-100x100.png 100w, https:\/\/e-zymove.com\/wp-content\/uploads\/2024\/02\/vitesse-600x600.png 600w, https:\/\/e-zymove.com\/wp-content\/uploads\/2024\/02\/vitesse-1024x1024.png 1024w, https:\/\/e-zymove.com\/wp-content\/uploads\/2024\/02\/vitesse-150x150.png 150w, https:\/\/e-zymove.com\/wp-content\/uploads\/2024\/02\/vitesse-768x768.png 768w, https:\/\/e-zymove.com\/wp-content\/uploads\/2024\/02\/vitesse-350x350.png 350w, https:\/\/e-zymove.com\/wp-content\/uploads\/2024\/02\/vitesse.png 1080w\" sizes=\"(max-width: 146px) 100vw, 146px\" \/> \u00a0<img loading=\"lazy\" decoding=\"async\" class=\"alignnone wp-image-3464\" src=\"https:\/\/e-zymove.com\/wp-content\/uploads\/2024\/03\/2400-300x300.png\" alt=\"\" width=\"146\" height=\"146\" srcset=\"https:\/\/e-zymove.com\/wp-content\/uploads\/2024\/03\/2400-300x300.png 300w, https:\/\/e-zymove.com\/wp-content\/uploads\/2024\/03\/2400-100x100.png 100w, https:\/\/e-zymove.com\/wp-content\/uploads\/2024\/03\/2400-600x600.png 600w, https:\/\/e-zymove.com\/wp-content\/uploads\/2024\/03\/2400-1024x1024.png 1024w, https:\/\/e-zymove.com\/wp-content\/uploads\/2024\/03\/2400-150x150.png 150w, https:\/\/e-zymove.com\/wp-content\/uploads\/2024\/03\/2400-768x768.png 768w, https:\/\/e-zymove.com\/wp-content\/uploads\/2024\/03\/2400-350x350.png 350w, https:\/\/e-zymove.com\/wp-content\/uploads\/2024\/03\/2400.png 1080w\" sizes=\"(max-width: 146px) 100vw, 146px\" \/><\/p>\n[embed]https:\/\/youtu.be\/SQxaTk4umLA[\/embed]\n<p><span style=\"color: #ff6600;\"><strong>*Hors frais d&rsquo;immatriculation et de mise en service<\/strong><\/span><\/p>\n","protected":false},"featured_media":3496,"comment_status":"open","ping_status":"closed","template":"","meta":[],"product_brand":[],"product_cat":[98,35],"product_tag":[],"class_list":{"0":"post-3495","1":"product","2":"type-product","3":"status-publish","4":"has-post-thumbnail","6":"product_cat-easy-watts","7":"product_cat-scooters-50cc","9":"first","10":"instock","11":"taxable","12":"shipping-taxable","13":"purchasable","14":"product-type-variable"},"jetpack_sharing_enabled":true,"_links":{"self":[{"href":"https:\/\/e-zymove.com\/index.php\/wp-json\/wp\/v2\/product\/3495","targetHints":{"allow":["GET"]}}],"collection":[{"href":"https:\/\/e-zymove.com\/index.php\/wp-json\/wp\/v2\/product"}],"about":[{"href":"https:\/\/e-zymove.com\/index.php\/wp-json\/wp\/v2\/types\/product"}],"replies":[{"embeddable":true,"href":"https:\/\/e-zymove.com\/index.php\/wp-json\/wp\/v2\/comments?post=3495"}],"version-history":[{"count":8,"href":"https:\/\/e-zymove.com\/index.php\/wp-json\/wp\/v2\/product\/3495\/revisions"}],"predecessor-version":[{"id":4566,"href":"https:\/\/e-zymove.com\/index.php\/wp-json\/wp\/v2\/product\/3495\/revisions\/4566"}],"wp:featuredmedia":[{"embeddable":true,"href":"https:\/\/e-zymove.com\/index.php\/wp-json\/wp\/v2\/media\/3496"}],"wp:attachment":[{"href":"https:\/\/e-zymove.com\/index.php\/wp-json\/wp\/v2\/media?parent=3495"}],"wp:term":[{"taxonomy":"product_brand","embeddable":true,"href":"https:\/\/e-zymove.com\/index.php\/wp-json\/wp\/v2\/product_brand?post=3495"},{"taxonomy":"product_cat","embeddable":true,"href":"https:\/\/e-zymove.com\/index.php\/wp-json\/wp\/v2\/product_cat?post=3495"},{"taxonomy":"product_tag","embeddable":true,"href":"https:\/\/e-zymove.com\/index.php\/wp-json\/wp\/v2\/product_tag?post=3495"}],"curies":[{"name":"wp","href":"https:\/\/api.w.org\/{rel}","templated":true}]}}