{"id":3388,"date":"2024-02-29T15:39:07","date_gmt":"2024-02-29T14:39:07","guid":{"rendered":"https:\/\/e-zymove.com\/?post_type=product&#038;p=3388"},"modified":"2025-03-10T13:33:31","modified_gmt":"2025-03-10T12:33:31","slug":"e-retro","status":"publish","type":"product","link":"https:\/\/e-zymove.com\/index.php\/produit\/e-retro\/","title":{"rendered":"E-retro"},"content":{"rendered":"<p><strong>Type de v\u00e9hicule \u2013\u00a0<\/strong>Scooter \u00e9lectrique<\/p>\n<hr \/>\n<p><strong>Vitesse max \u2013\u00a0<\/strong>45 km\/h<\/p>\n<hr \/>\n<p><strong>Marche arri\u00e8re \u2013\u00a0<\/strong>Non<\/p>\n<hr \/>\n<p><strong>\u00c9cran de contr\u00f4le \u2013\u00a0<\/strong>LED<\/p>\n<hr \/>\n<p><strong>S\u00e9curit\u00e9 antivol \u2013\u00a0<\/strong>Batterie amovible, guidon verrouillable,alarme<\/p>\n<hr \/>\n<p><strong>Type de moteur \u2013\u00a0<\/strong>Brushless en moyeu de roue arri\u00e8re<\/p>\n<hr \/>\n<p><strong>Puissance moteur nette \u2013\u00a0<\/strong>2200 Watts<\/p>\n<hr \/>\n<p><strong>Couple \u2013<\/strong>50,5 nm \u00e0 410 tr\/min<\/p>\n<hr \/>\n<p><strong>Type de batterie \u2013\u00a0<\/strong>Lithium-ion NMC<\/p>\n<hr \/>\n<p><strong>Voltage batterie \u2013<\/strong> 70 Volts<\/p>\n<hr \/>\n<p><strong>Amp\u00e8re \/ Heure batterie \u2013 <\/strong>20\u00a0Ah<\/p>\n<hr \/>\n<p><strong>Kilowattheures \u2013\u00a0<\/strong>1.44 Kwh<\/p>\n<hr \/>\n<p><strong>Autonomie ( conduite \u00e9co ) \u2013 <\/strong>60\u00a0km<\/p>\n<hr \/>\n<p><strong>Autonomie ( conduite pleine puissance ) \u2013 <\/strong>40 km<\/p>\n<hr \/>\n<p><strong>Batterie amovible \u2013\u00a0<\/strong>Oui<\/p>\n","protected":false},"excerpt":{"rendered":"<p><img decoding=\"async\" class=\"alignnone wp-image-3186\" src=\"https:\/\/e-zymove.com\/wp-content\/uploads\/2024\/02\/logo-300x87.png\" alt=\"\" width=\"203\" height=\"59\" srcset=\"https:\/\/e-zymove.com\/wp-content\/uploads\/2024\/02\/logo-300x87.png 300w, https:\/\/e-zymove.com\/wp-content\/uploads\/2024\/02\/logo-600x173.png 600w, https:\/\/e-zymove.com\/wp-content\/uploads\/2024\/02\/logo-350x101.png 350w, https:\/\/e-zymove.com\/wp-content\/uploads\/2024\/02\/logo.png 755w\" sizes=\"(max-width: 203px) 100vw, 203px\" \/><\/p>\n<h1>E-retro<\/h1>\n<p>Un moteur \u00e9lectrique poss\u00e8de une acc\u00e9l\u00e9ration tr\u00e8s puissante et tr\u00e8s impressionnante tout en \u00e9tant silencieux.<\/p>\n<p>Il ne n\u00e9cessite aucun entretien, \u00e0 la diff\u00e9rence d&rsquo;un moteur thermique.<br \/>\nEn effet, le moteur est mont\u00e9 sur roulements ce qui permet d&rsquo;\u00e9liminer les frottements.<\/p>\n<p><a href=\"https:\/\/e-zymove.com\/index.php\/produit\/e-retro-3\/\"><img decoding=\"async\" class=\"alignnone wp-image-3335\" src=\"https:\/\/e-zymove.com\/wp-content\/uploads\/2024\/02\/noire-300x300.png\" alt=\"\" width=\"31\" height=\"31\" srcset=\"https:\/\/e-zymove.com\/wp-content\/uploads\/2024\/02\/noire-300x300.png 300w, https:\/\/e-zymove.com\/wp-content\/uploads\/2024\/02\/noire-100x100.png 100w, https:\/\/e-zymove.com\/wp-content\/uploads\/2024\/02\/noire-600x600.png 600w, https:\/\/e-zymove.com\/wp-content\/uploads\/2024\/02\/noire-1024x1024.png 1024w, https:\/\/e-zymove.com\/wp-content\/uploads\/2024\/02\/noire-150x150.png 150w, https:\/\/e-zymove.com\/wp-content\/uploads\/2024\/02\/noire-768x768.png 768w, https:\/\/e-zymove.com\/wp-content\/uploads\/2024\/02\/noire-350x350.png 350w, https:\/\/e-zymove.com\/wp-content\/uploads\/2024\/02\/noire.png 1080w\" sizes=\"(max-width: 31px) 100vw, 31px\" \/><\/a> <a href=\"https:\/\/e-zymove.com\/index.php\/produit\/e-retro\/\"><img decoding=\"async\" class=\"alignnone wp-image-3228\" src=\"https:\/\/e-zymove.com\/wp-content\/uploads\/2024\/02\/rouge-300x300.png\" alt=\"\" width=\"31\" height=\"31\" srcset=\"https:\/\/e-zymove.com\/wp-content\/uploads\/2024\/02\/rouge-300x300.png 300w, https:\/\/e-zymove.com\/wp-content\/uploads\/2024\/02\/rouge-100x100.png 100w, https:\/\/e-zymove.com\/wp-content\/uploads\/2024\/02\/rouge-600x600.png 600w, https:\/\/e-zymove.com\/wp-content\/uploads\/2024\/02\/rouge-1024x1024.png 1024w, https:\/\/e-zymove.com\/wp-content\/uploads\/2024\/02\/rouge-150x150.png 150w, https:\/\/e-zymove.com\/wp-content\/uploads\/2024\/02\/rouge-768x768.png 768w, https:\/\/e-zymove.com\/wp-content\/uploads\/2024\/02\/rouge-350x350.png 350w, https:\/\/e-zymove.com\/wp-content\/uploads\/2024\/02\/rouge.png 1080w\" sizes=\"(max-width: 31px) 100vw, 31px\" \/><\/a> <a href=\"https:\/\/e-zymove.com\/index.php\/produit\/e-retro-copie\/\"><img loading=\"lazy\" decoding=\"async\" class=\"alignnone wp-image-3226\" src=\"https:\/\/e-zymove.com\/wp-content\/uploads\/2024\/02\/gris-300x300.png\" alt=\"\" width=\"31\" height=\"31\" srcset=\"https:\/\/e-zymove.com\/wp-content\/uploads\/2024\/02\/gris-300x300.png 300w, https:\/\/e-zymove.com\/wp-content\/uploads\/2024\/02\/gris-100x100.png 100w, https:\/\/e-zymove.com\/wp-content\/uploads\/2024\/02\/gris-600x600.png 600w, https:\/\/e-zymove.com\/wp-content\/uploads\/2024\/02\/gris-1024x1024.png 1024w, https:\/\/e-zymove.com\/wp-content\/uploads\/2024\/02\/gris-150x150.png 150w, https:\/\/e-zymove.com\/wp-content\/uploads\/2024\/02\/gris-768x768.png 768w, https:\/\/e-zymove.com\/wp-content\/uploads\/2024\/02\/gris-350x350.png 350w, https:\/\/e-zymove.com\/wp-content\/uploads\/2024\/02\/gris.png 1080w\" sizes=\"(max-width: 31px) 100vw, 31px\" \/><\/a> <a href=\"https:\/\/e-zymove.com\/index.php\/produit\/e-retro-2\/\"><img loading=\"lazy\" decoding=\"async\" class=\"alignnone wp-image-3190\" src=\"https:\/\/e-zymove.com\/wp-content\/uploads\/2024\/02\/bleu-300x300.png\" alt=\"\" width=\"31\" height=\"31\" srcset=\"https:\/\/e-zymove.com\/wp-content\/uploads\/2024\/02\/bleu-300x300.png 300w, https:\/\/e-zymove.com\/wp-content\/uploads\/2024\/02\/bleu-100x100.png 100w, https:\/\/e-zymove.com\/wp-content\/uploads\/2024\/02\/bleu-600x600.png 600w, https:\/\/e-zymove.com\/wp-content\/uploads\/2024\/02\/bleu-1024x1024.png 1024w, https:\/\/e-zymove.com\/wp-content\/uploads\/2024\/02\/bleu-150x150.png 150w, https:\/\/e-zymove.com\/wp-content\/uploads\/2024\/02\/bleu-768x768.png 768w, https:\/\/e-zymove.com\/wp-content\/uploads\/2024\/02\/bleu-350x350.png 350w, https:\/\/e-zymove.com\/wp-content\/uploads\/2024\/02\/bleu.png 1080w\" sizes=\"(max-width: 31px) 100vw, 31px\" \/><\/a> <a href=\"https:\/\/e-zymove.com\/index.php\/produit\/e-retro-4\/\"><img loading=\"lazy\" decoding=\"async\" class=\"alignnone wp-image-3192\" src=\"https:\/\/e-zymove.com\/wp-content\/uploads\/2024\/02\/vertt-300x300.png\" alt=\"\" width=\"31\" height=\"31\" srcset=\"https:\/\/e-zymove.com\/wp-content\/uploads\/2024\/02\/vertt-300x300.png 300w, https:\/\/e-zymove.com\/wp-content\/uploads\/2024\/02\/vertt-100x100.png 100w, https:\/\/e-zymove.com\/wp-content\/uploads\/2024\/02\/vertt-600x600.png 600w, https:\/\/e-zymove.com\/wp-content\/uploads\/2024\/02\/vertt-1024x1024.png 1024w, https:\/\/e-zymove.com\/wp-content\/uploads\/2024\/02\/vertt-150x150.png 150w, https:\/\/e-zymove.com\/wp-content\/uploads\/2024\/02\/vertt-768x768.png 768w, https:\/\/e-zymove.com\/wp-content\/uploads\/2024\/02\/vertt-350x350.png 350w, https:\/\/e-zymove.com\/wp-content\/uploads\/2024\/02\/vertt.png 1080w\" sizes=\"(max-width: 31px) 100vw, 31px\" \/><\/a><\/p>\n<p><img loading=\"lazy\" decoding=\"async\" class=\"alignnone wp-image-3403\" src=\"https:\/\/e-zymove.com\/wp-content\/uploads\/2024\/02\/60-a-80-km-1-300x300.png\" alt=\"\" width=\"146\" height=\"146\" srcset=\"https:\/\/e-zymove.com\/wp-content\/uploads\/2024\/02\/60-a-80-km-1-300x300.png 300w, https:\/\/e-zymove.com\/wp-content\/uploads\/2024\/02\/60-a-80-km-1-100x100.png 100w, https:\/\/e-zymove.com\/wp-content\/uploads\/2024\/02\/60-a-80-km-1-600x600.png 600w, https:\/\/e-zymove.com\/wp-content\/uploads\/2024\/02\/60-a-80-km-1-1024x1024.png 1024w, https:\/\/e-zymove.com\/wp-content\/uploads\/2024\/02\/60-a-80-km-1-150x150.png 150w, https:\/\/e-zymove.com\/wp-content\/uploads\/2024\/02\/60-a-80-km-1-768x768.png 768w, https:\/\/e-zymove.com\/wp-content\/uploads\/2024\/02\/60-a-80-km-1-350x350.png 350w, https:\/\/e-zymove.com\/wp-content\/uploads\/2024\/02\/60-a-80-km-1.png 1080w\" sizes=\"(max-width: 146px) 100vw, 146px\" \/> <img loading=\"lazy\" decoding=\"async\" class=\"alignnone wp-image-3328\" src=\"https:\/\/e-zymove.com\/wp-content\/uploads\/2024\/02\/vitesse-300x300.png\" alt=\"\" width=\"146\" height=\"146\" srcset=\"https:\/\/e-zymove.com\/wp-content\/uploads\/2024\/02\/vitesse-300x300.png 300w, https:\/\/e-zymove.com\/wp-content\/uploads\/2024\/02\/vitesse-100x100.png 100w, https:\/\/e-zymove.com\/wp-content\/uploads\/2024\/02\/vitesse-600x600.png 600w, https:\/\/e-zymove.com\/wp-content\/uploads\/2024\/02\/vitesse-1024x1024.png 1024w, https:\/\/e-zymove.com\/wp-content\/uploads\/2024\/02\/vitesse-150x150.png 150w, https:\/\/e-zymove.com\/wp-content\/uploads\/2024\/02\/vitesse-768x768.png 768w, https:\/\/e-zymove.com\/wp-content\/uploads\/2024\/02\/vitesse-350x350.png 350w, https:\/\/e-zymove.com\/wp-content\/uploads\/2024\/02\/vitesse.png 1080w\" sizes=\"(max-width: 146px) 100vw, 146px\" \/> <img loading=\"lazy\" decoding=\"async\" class=\"alignnone wp-image-3330\" src=\"https:\/\/e-zymove.com\/wp-content\/uploads\/2024\/02\/moteur-300x300.png\" alt=\"\" width=\"146\" height=\"146\" srcset=\"https:\/\/e-zymove.com\/wp-content\/uploads\/2024\/02\/moteur-300x300.png 300w, https:\/\/e-zymove.com\/wp-content\/uploads\/2024\/02\/moteur-100x100.png 100w, https:\/\/e-zymove.com\/wp-content\/uploads\/2024\/02\/moteur-600x600.png 600w, https:\/\/e-zymove.com\/wp-content\/uploads\/2024\/02\/moteur-1024x1024.png 1024w, https:\/\/e-zymove.com\/wp-content\/uploads\/2024\/02\/moteur-150x150.png 150w, https:\/\/e-zymove.com\/wp-content\/uploads\/2024\/02\/moteur-768x768.png 768w, https:\/\/e-zymove.com\/wp-content\/uploads\/2024\/02\/moteur-350x350.png 350w, https:\/\/e-zymove.com\/wp-content\/uploads\/2024\/02\/moteur.png 1080w\" sizes=\"(max-width: 146px) 100vw, 146px\" \/><\/p>\n<h3><strong><span style=\"color: #ff9900;\">*Bonus \u00e9cologique -360\u20ac d\u00e9j\u00e0 d\u00e9duit<\/span><\/strong><\/h3>\n","protected":false},"featured_media":3389,"comment_status":"open","ping_status":"closed","template":"","meta":[],"product_brand":[],"product_cat":[98,35],"product_tag":[],"class_list":{"0":"post-3388","1":"product","2":"type-product","3":"status-publish","4":"has-post-thumbnail","6":"type-motos-et-scooters","7":"product_cat-easy-watts","8":"product_cat-scooters-50cc","10":"first","11":"instock","12":"taxable","13":"shipping-taxable","14":"purchasable","15":"product-type-simple"},"jetpack_sharing_enabled":true,"_links":{"self":[{"href":"https:\/\/e-zymove.com\/index.php\/wp-json\/wp\/v2\/product\/3388","targetHints":{"allow":["GET"]}}],"collection":[{"href":"https:\/\/e-zymove.com\/index.php\/wp-json\/wp\/v2\/product"}],"about":[{"href":"https:\/\/e-zymove.com\/index.php\/wp-json\/wp\/v2\/types\/product"}],"replies":[{"embeddable":true,"href":"https:\/\/e-zymove.com\/index.php\/wp-json\/wp\/v2\/comments?post=3388"}],"version-history":[{"count":8,"href":"https:\/\/e-zymove.com\/index.php\/wp-json\/wp\/v2\/product\/3388\/revisions"}],"predecessor-version":[{"id":3566,"href":"https:\/\/e-zymove.com\/index.php\/wp-json\/wp\/v2\/product\/3388\/revisions\/3566"}],"wp:featuredmedia":[{"embeddable":true,"href":"https:\/\/e-zymove.com\/index.php\/wp-json\/wp\/v2\/media\/3389"}],"wp:attachment":[{"href":"https:\/\/e-zymove.com\/index.php\/wp-json\/wp\/v2\/media?parent=3388"}],"wp:term":[{"taxonomy":"product_brand","embeddable":true,"href":"https:\/\/e-zymove.com\/index.php\/wp-json\/wp\/v2\/product_brand?post=3388"},{"taxonomy":"product_cat","embeddable":true,"href":"https:\/\/e-zymove.com\/index.php\/wp-json\/wp\/v2\/product_cat?post=3388"},{"taxonomy":"product_tag","embeddable":true,"href":"https:\/\/e-zymove.com\/index.php\/wp-json\/wp\/v2\/product_tag?post=3388"}],"curies":[{"name":"wp","href":"https:\/\/api.w.org\/{rel}","templated":true}]}}