{"id":2681,"date":"2023-04-13T18:33:22","date_gmt":"2023-04-13T16:33:22","guid":{"rendered":"https:\/\/e-zymove.com\/?post_type=product&#038;p=2681"},"modified":"2025-03-10T11:17:04","modified_gmt":"2025-03-10T10:17:04","slug":"pinkmobility-pink-style","status":"publish","type":"product","link":"https:\/\/e-zymove.com\/index.php\/produit\/pinkmobility-pink-style\/","title":{"rendered":"Pink &#8211; Style +"},"content":{"rendered":"<h3 class=\"eclair eclair-bigger uppercase gibson-semibold\">PUISSANCE \u00c9QUIVALENTE \u00c0 UN SCOOTER R\u00c9TRO 125CC<\/h3>\n<p>Equip\u00e9 d\u2019un moteur de 6000 W en pic avec allumage \u00e0 la cl\u00e9 ou au plip, suivi d\u2019un appui sur un bouton du comodo, le scooter \u00e9lectrique Pink Style Plus pr\u00e9sente une homologation de type L3E et une vitesse maximale de 85 km\/h, ce qui lui permet de rouler sur routes d\u00e9partementales ou voies rapides. Id\u00e9al pour les grandes agglom\u00e9rations.<\/p>\n<h3 class=\"eclair eclair-bigger uppercase gibson-semibold\">SYST\u00c8ME DE RECHARGE<\/h3>\n<p>Le Pink Style 125 cc pr\u00e9sente deux modes de recharge possibles : le branchement des batteries amovibles sur une simple prise 220V en 3 \u00e0 4 heures avec un chargeur rapide (temps de charge pour une batterie). Autre alternative : la recharge combin\u00e9e du scooter depuis le connecteur de recharge situ\u00e9 dans la courbure de la carrosserie sous la selle.<\/p>\n<p>Chargeur rapide (inclus) : 72V 10A<\/p>\n<h3 class=\"eclair eclair-bigger uppercase gibson-semibold\">BATTERIE 4,2 KWH POUR PLUS D\u2019AUTONOMIE<\/h3>\n<p>Disponible avec une capacit\u00e9 batterie de 4,2 kWh d\u2019une technologie Li-NMC, le scooter \u00e9lectrique Pink Style 125cc affiche, en mode ZEN, une autonomie maximale de 120 km*. Branch\u00e9 en parall\u00e8le, il apporte plus de puissance dans les c\u00f4tes.<br \/>\nCapacit\u00e9 : 72V29Ah \/ 4,2kWh<br \/>\n<i>*Autonomie mesur\u00e9e sur une batterie neuve test\u00e9e dans le cadre d\u2019un cycle urbain de conduite \u00e9co-responsable, pour une masse embarqu\u00e9e de 80kg sur relief r\u00e9gulier, dans des conditions climatiques temp\u00e9r\u00e9es.<\/i><\/p>\n<h3 class=\"eclair eclair-bigger uppercase gibson-semibold\">3 MODES DE CONDUITE<\/h3>\n<p>Le nouveau Pink Style Plus 125 cc dispose de 3 vitesses accessibles depuis le bouton poussoir pr\u00e9sent sur le commodo droit du scooter \u00e9lectrique. En mode Zen (1), la vitesse n\u2019exc\u00e8de pas 45 km\/h. Le mode Urbain (2) du scooter \u00e9lectrique\u00a0Pink Style Plus permet d\u2019atteindre 65 km\/h et les 80km\/h sont franchis en mode Sport (3), permettant ainsi de rouler sur les voies rapides tels les \u00e9changeurs, les p\u00e9riph\u00e9riques et autres routes limit\u00e9es \u00e0 80 km\/h.<\/p>\n<h3 class=\"eclair eclair-bigger uppercase gibson-semibold\">\u00c9CRAN DE CONTR\u00d4LE NUM\u00c9RIQUE<\/h3>\n<p>L\u2019\u00e9cran au design \u00e9pur\u00e9, permet un contr\u00f4le de toutes les fonctionnalit\u00e9s du nouveau scooter \u00e9lectrique\u00a0Pink Style Plus : niveau de charge des batteries, consommation instantan\u00e9e d\u2019\u00e9nergie, vitesse, kilom\u00e8tres parcourus et restants, modulation du mode de conduite, etc.<\/p>\n<h3 class=\"eclair eclair-bigger uppercase gibson-semibold\">POIGN\u00c9ES STYL\u00c9ES<\/h3>\n<p>Les poign\u00e9es du nouveau scooter \u00e9lectrique r\u00e9tro et connect\u00e9 Pink Style Plus sont propos\u00e9es en couleur camel, pour une conduite styl\u00e9e.<\/p>\n<h3 class=\"eclair eclair-bigger uppercase gibson-semibold\">\u00c9CLAIRAGE LED<\/h3>\n<p>Nouveaut\u00e9 de ce mod\u00e8le de scooter \u00e9lectrique\u00a0r\u00e9tro : l\u2019ampoule LED du phare avant, pour toujours plus de s\u00e9curit\u00e9. Les clignotants ainsi que les feux arri\u00e8re sont \u00e9galement \u00e9quip\u00e9s d\u2019ampoules LED.<\/p>\n<h3 class=\"eclair eclair-bigger uppercase gibson-semibold\">DISPONIBLE EN 3 COLORIS<\/h3>\n<p>Le Pink Style Plus 125cc est vendu avec une selle et des poign\u00e9es camel, pour plus de style. Trois coloris au catalogue : Sable brillant, Noir mate et Diesel mate.<\/p>\n<h3 class=\"eclair eclair-bigger uppercase gibson-semibold\">ROUES<\/h3>\n<p>Freins \u00e0 disques ventil\u00e9s AV + AR<br \/>\nPneus : 120\/70-12<br \/>\nFourche avant et arri\u00e8re bi-bras pour un confort de conduite renforc\u00e9<br \/>\nEmpattement (mm) : 1300<\/p>\n<h3 class=\"eclair eclair-bigger uppercase gibson-semibold\">GARANTIE<\/h3>\n<p>2 ans \/ 600 cycles (le premier des deux termes atteint)<\/p>\n<h3 class=\"eclair eclair-bigger uppercase gibson-semibold\">MENSURATIONS DU SCOOTER \u00c9LECTRIQUE PINK STYLE PLUS 125CC<\/h3>\n<p><strong>Poids \u00e0 vide :<\/strong>\u00a0106 kg (avec le pack batterie)<br \/>\n<strong>Poids total autoris\u00e9 :<\/strong>\u00a0251kg<br \/>\n<strong>Dimensions (L x l x h) :<\/strong>\u00a01900 x 780 x 1140<\/p>\n","protected":false},"excerpt":{"rendered":"<h1>Pinkmobility &#8211; Pink Style +<\/h1>\n<div class=\"et_pb_row et_pb_row_0\">\n<div class=\"et_pb_column et_pb_column_4_4 et_pb_column_0 et_pb_css_mix_blend_mode_passthrough et-last-child\">\n<div class=\"et_pb_module et_pb_text et_pb_text_2 no-stroke et_pb_text_align_justified et_pb_bg_layout_light\">\n<div class=\"et_pb_text_inner\">\n<p>Pink Mobility entre sur le march\u00e9 du particulier et du scooter \u00e9lectrique 125cc avec le Pink Style Plus : plus de puissance (3000 W au nominal, 6000W en pic), plus d\u2019autonomie (120 km max en mode Zen), plus de rapidit\u00e9 (85 km\/h), plus de confort \u00e9galement. Avec ses deux vraies places, le Pink Style Plus change la ville !<\/p>\n<\/div>\n<\/div>\n<\/div>\n<\/div>\n<div class=\"et_pb_row et_pb_row_1\">\n<div class=\"et_pb_column et_pb_column_4_4 et_pb_column_1 et_pb_css_mix_blend_mode_passthrough et-last-child\">\n[embed]https:\/\/www.youtube.com\/watch?v=r6vW6YE8b6Y[\/embed]\n<\/div>\n<\/div>\n<p><span style=\"color: #ff6600;\">* Prix valable (hors options affich\u00e9es) pour l&rsquo;achat d&rsquo;un scooter \u00e9lectrique \u00e9quip\u00e9 d&rsquo;un pack batterie 4,2 kWh et un chargeur 72V 10A. <strong>Frais d&rsquo;immatriculation et de mise en service en suppl\u00e9ment.<\/strong><\/span><\/p>\n","protected":false},"featured_media":2682,"comment_status":"open","ping_status":"closed","template":"","meta":[],"product_brand":[],"product_cat":[45,33],"product_tag":[],"class_list":{"0":"post-2681","1":"product","2":"type-product","3":"status-publish","4":"has-post-thumbnail","6":"product_cat-pink-mobility-scooters-125","7":"product_cat-scooters-125","9":"first","10":"instock","11":"taxable","12":"shipping-taxable","13":"purchasable","14":"product-type-simple"},"jetpack_sharing_enabled":true,"_links":{"self":[{"href":"https:\/\/e-zymove.com\/index.php\/wp-json\/wp\/v2\/product\/2681","targetHints":{"allow":["GET"]}}],"collection":[{"href":"https:\/\/e-zymove.com\/index.php\/wp-json\/wp\/v2\/product"}],"about":[{"href":"https:\/\/e-zymove.com\/index.php\/wp-json\/wp\/v2\/types\/product"}],"replies":[{"embeddable":true,"href":"https:\/\/e-zymove.com\/index.php\/wp-json\/wp\/v2\/comments?post=2681"}],"version-history":[{"count":4,"href":"https:\/\/e-zymove.com\/index.php\/wp-json\/wp\/v2\/product\/2681\/revisions"}],"predecessor-version":[{"id":4541,"href":"https:\/\/e-zymove.com\/index.php\/wp-json\/wp\/v2\/product\/2681\/revisions\/4541"}],"wp:featuredmedia":[{"embeddable":true,"href":"https:\/\/e-zymove.com\/index.php\/wp-json\/wp\/v2\/media\/2682"}],"wp:attachment":[{"href":"https:\/\/e-zymove.com\/index.php\/wp-json\/wp\/v2\/media?parent=2681"}],"wp:term":[{"taxonomy":"product_brand","embeddable":true,"href":"https:\/\/e-zymove.com\/index.php\/wp-json\/wp\/v2\/product_brand?post=2681"},{"taxonomy":"product_cat","embeddable":true,"href":"https:\/\/e-zymove.com\/index.php\/wp-json\/wp\/v2\/product_cat?post=2681"},{"taxonomy":"product_tag","embeddable":true,"href":"https:\/\/e-zymove.com\/index.php\/wp-json\/wp\/v2\/product_tag?post=2681"}],"curies":[{"name":"wp","href":"https:\/\/api.w.org\/{rel}","templated":true}]}}