{"id":2639,"date":"2023-04-06T14:35:08","date_gmt":"2023-04-06T12:35:08","guid":{"rendered":"https:\/\/e-zymove.com\/?post_type=product&#038;p=2639"},"modified":"2023-04-06T14:35:08","modified_gmt":"2023-04-06T12:35:08","slug":"segway-e300se","status":"publish","type":"product","link":"https:\/\/e-zymove.com\/index.php\/produit\/segway-e300se\/","title":{"rendered":"Segway &#8211; E300SE"},"content":{"rendered":"<h2>Motorisation et performances du Segway E300SE<\/h2>\n<p>Int\u00e9gr\u00e9 dans la roue arri\u00e8re et fourni par QS Motor, le moteur du scooter \u00e9lectrique du E300SE d\u00e9veloppe jusqu\u2019\u00e0 10 kW de puissance en cr\u00eate et 7,8 kW de puissance nominale. Fort d\u2019un couple \u00e0 la roue atteignant 200 Nm, le scooter \u00e9lectrique de Segway r\u00e9alise le 0 \u00e0 50 km\/h en 2,9 secondes et affiche une vitesse de pointe de 105 km\/h.<\/p>\n<p>A l\u2019usage, l\u2019utilisateur pourra choisir parmi 5 modes de conduite :<\/p>\n<ul>\n<li><strong>Assist Mode :<\/strong> Limit\u00e9 \u00e0 4 km\/h, il facilite les phases de manoeuvres.<\/li>\n<li><strong>Eco Mode<\/strong> : r\u00e9cup\u00e9ration d\u2019\u00e9nergie augment\u00e9e et autonomie optimis\u00e9e.<\/li>\n<li><strong>Coast Mode :<\/strong> plut\u00f4t pour la ville<\/li>\n<li><strong>Sport Mode :<\/strong> Pour les trajets intenses avec r\u00e9cup\u00e9ration active de l\u2019\u00e9nergie ; le couple est enti\u00e8rement utilis\u00e9.<\/li>\n<li><strong>Cruise Mode :<\/strong> Apportez un confort suppl\u00e9mentaire pendant votre trajet, en appuyant simplement sur le bouton situ\u00e9 sur le guidon pour maintenir la vitesse !<\/li>\n<\/ul>\n<h2>Batterie et autonomie de Segway E300SE<\/h2>\n<p>Dans sa configuration de base, le scooter \u00e9lectrique de Segway int\u00e8gre deux batteries. Chaque pack p\u00e8se 12,6 kilos et cumule 2 kWh de capacit\u00e9 \u00e9nerg\u00e9tique (74V \u2013 24 Ah), soit 4 kWh au total. En suppl\u00e9ment, il sera possible d\u2019acqu\u00e9rir une troisi\u00e8me batterie. A capacit\u00e9 identique, celle-ci permet de porter la capacit\u00e9 embarqu\u00e9e \u00e0 6 kWh au total.<\/p>\n<p>En mati\u00e8re d\u2019autonomie, le constructeur annonce jusqu\u2019\u00e0 130 km avec une charge (\u00e0 45 km\/h et avec un utilisateur de 75 kg). En cycle normalis\u00e9 WMTC, l\u2019autonomie est affich\u00e9e \u00e0 85 kilom\u00e8tres.<\/p>\n<p>C\u00f4t\u00e9 pratique, les batteries sont amovibles. Comptez ensuite 3 heures pour la charge compl\u00e8te d\u2019une seule batterie et 5,5 heures pour deux batteries.<\/p>\n<p>\u00c0 pr\u00e9ciser que les batteries sont log\u00e9es en partie basse du scooter. Une configuration de garder un bel espace sous la selle pour y ranger son casque. La version de base, \u00e0 deux batteries, cumule ainsi 34 litres de volume sous la selle (17 litres si la 3e batterie est install\u00e9e).<\/p>\n<h2>Partie cycle<\/h2>\n<p>Homologu\u00e9 pour deux passagers et mont\u00e9 sur un cadre en acier, le Segway E300SE\u00a0 re\u00e7oit des roues de 12 pouces, une fourche hydraulique 80 mm, des freins \u00e0 disque \u00e0 l\u2019avant comme \u00e0 l\u2019arri\u00e8re et un syst\u00e8me ABS de s\u00e9rie. S\u2019y ajoute le Smart TCS (Traction Control System). D\u00e9velopp\u00e9 par Segway, celui-ci permet de freiner plusieurs fois d\u2019un seul coup. Selon la marque, le TCS emp\u00eache non seulement les roues de patiner, mais am\u00e9liore \u00e9galement les performances d\u2019acc\u00e9l\u00e9ration et la capacit\u00e9 de franchissement.<\/p>\n<p>A LED, le tableau de bord int\u00e8gre toutes les informations li\u00e9es au scooter : mode de conduite, vitesse, autonomie, niveau de la batterie etc\u2026 Connect\u00e9, le E300SE peut aussi \u00eatre associ\u00e9 \u00e0 une application mobile permettant de suivre et d\u00e9verrouiller l\u2019engin \u00e0 distance. S\u2019y ajoute un dispositif antivol qui alerte automatiquement l\u2019utilisateur en cas de mouvement anormal de l\u2019engin.<\/p>\n<div class=\"specification\">\n<div class=\"data\"><\/div>\n<\/div>\n","protected":false},"excerpt":{"rendered":"<p><img decoding=\"async\" class=\"alignnone  wp-image-2640\" src=\"https:\/\/e-zymove.com\/wp-content\/uploads\/2023\/04\/1200px-Segway_logo.svg_-300x173.png\" alt=\"\" width=\"99\" height=\"57\" srcset=\"https:\/\/e-zymove.com\/wp-content\/uploads\/2023\/04\/1200px-Segway_logo.svg_-300x173.png 300w, https:\/\/e-zymove.com\/wp-content\/uploads\/2023\/04\/1200px-Segway_logo.svg_-600x346.png 600w, https:\/\/e-zymove.com\/wp-content\/uploads\/2023\/04\/1200px-Segway_logo.svg_-1024x591.png 1024w, https:\/\/e-zymove.com\/wp-content\/uploads\/2023\/04\/1200px-Segway_logo.svg_-768x443.png 768w, https:\/\/e-zymove.com\/wp-content\/uploads\/2023\/04\/1200px-Segway_logo.svg_-350x202.png 350w, https:\/\/e-zymove.com\/wp-content\/uploads\/2023\/04\/1200px-Segway_logo.svg_.png 1200w\" sizes=\"(max-width: 99px) 100vw, 99px\" \/><\/p>\n<h1>Segway &#8211; E300SE<\/h1>\n<p>L&rsquo;eScooter E300SE Launch Edition est le premier v\u00e9hicule puissant et rapide du march\u00e9 L3e-A1 de Segway. Il se distingue par ses performances 5 \u00e9toiles \u00e9quip\u00e9es des derni\u00e8res technologies innovantes.<\/p>\n<p>La nouvelle configuration du moteur produit la puissance maximale jamais atteinte, avec une acc\u00e9l\u00e9ration extr\u00eame de 0 \u00e0 50 km\/h en 2,9 secondes. En plus de la puissance, du design et des caract\u00e9ristiques intelligentes, la combinaison de l&rsquo;ABS et du TCS (Traction Control System) intelligent offre des fonctions de s\u00e9curit\u00e9 et de contr\u00f4le suppl\u00e9mentaires pour r\u00e9duire le risque de t\u00eate-\u00e0-queue. Enfin, avec la possibilit\u00e9 d&rsquo;avoir jusqu&rsquo;\u00e0 3 batteries* pour une autonomie extensible, une vitesse maximale de 105 km\/h, le E300SE est le v\u00e9hicule parfait pour atteindre votre destination !<\/p>\n<p>*(3\u00e8me batterie vendue s\u00e9par\u00e9ment)<\/p>\n<p>&nbsp;<\/p>\n","protected":false},"featured_media":2641,"comment_status":"open","ping_status":"closed","template":"","meta":[],"product_brand":[],"product_cat":[33,82],"product_tag":[],"class_list":{"0":"post-2639","1":"product","2":"type-product","3":"status-publish","4":"has-post-thumbnail","6":"product_cat-scooters-125","7":"product_cat-segway","9":"first","10":"instock","11":"taxable","12":"shipping-taxable","13":"purchasable","14":"product-type-simple"},"jetpack_sharing_enabled":true,"_links":{"self":[{"href":"https:\/\/e-zymove.com\/index.php\/wp-json\/wp\/v2\/product\/2639","targetHints":{"allow":["GET"]}}],"collection":[{"href":"https:\/\/e-zymove.com\/index.php\/wp-json\/wp\/v2\/product"}],"about":[{"href":"https:\/\/e-zymove.com\/index.php\/wp-json\/wp\/v2\/types\/product"}],"replies":[{"embeddable":true,"href":"https:\/\/e-zymove.com\/index.php\/wp-json\/wp\/v2\/comments?post=2639"}],"version-history":[{"count":1,"href":"https:\/\/e-zymove.com\/index.php\/wp-json\/wp\/v2\/product\/2639\/revisions"}],"predecessor-version":[{"id":2646,"href":"https:\/\/e-zymove.com\/index.php\/wp-json\/wp\/v2\/product\/2639\/revisions\/2646"}],"wp:featuredmedia":[{"embeddable":true,"href":"https:\/\/e-zymove.com\/index.php\/wp-json\/wp\/v2\/media\/2641"}],"wp:attachment":[{"href":"https:\/\/e-zymove.com\/index.php\/wp-json\/wp\/v2\/media?parent=2639"}],"wp:term":[{"taxonomy":"product_brand","embeddable":true,"href":"https:\/\/e-zymove.com\/index.php\/wp-json\/wp\/v2\/product_brand?post=2639"},{"taxonomy":"product_cat","embeddable":true,"href":"https:\/\/e-zymove.com\/index.php\/wp-json\/wp\/v2\/product_cat?post=2639"},{"taxonomy":"product_tag","embeddable":true,"href":"https:\/\/e-zymove.com\/index.php\/wp-json\/wp\/v2\/product_tag?post=2639"}],"curies":[{"name":"wp","href":"https:\/\/api.w.org\/{rel}","templated":true}]}}