{"id":2496,"date":"2023-03-29T13:32:51","date_gmt":"2023-03-29T11:32:51","guid":{"rendered":"https:\/\/e-zymove.com\/?post_type=product&#038;p=2496"},"modified":"2025-03-09T12:46:36","modified_gmt":"2025-03-09T11:46:36","slug":"dualtron-x-ltd-84v-60ah","status":"publish","type":"product","link":"https:\/\/e-zymove.com\/index.php\/produit\/dualtron-x-ltd-84v-60ah\/","title":{"rendered":"DUALTRON &#8211; DOLPHIN &#8211; 36V 7,8A"},"content":{"rendered":"<div id=\"container\">\n<div id=\"content\" role=\"main\">\n<div id=\"product-2482756\" class=\"post-2482756 product type-product status-publish has-post-thumbnail product_brand-dualtron product_cat-trottinette-electrique product_cat-vehicules-legers product_shipping_class-classe-vehicules-legers-france-monaco first outofstock taxable shipping-taxable purchasable product-type-simple\">\n<div class=\"container\">\n<p>&nbsp;<\/p>\n<div class=\"row\">\n<div id=\"product-content\" class=\"col-md-6 summary\">\n<section class=\"product-caracts\">\n<h3>Caract\u00e9ristiques<\/h3>\n<ul class=\"row\">\n<li class=\"col-md-6\">\n<h4>POIDS<\/h4>\n<p>22.7 kg<\/li>\n<li class=\"col-md-6\">\n<h4>BATTERIE<\/h4>\n<p>36V 7,8Ah<\/li>\n<li class=\"col-md-6\">\n<h4>AUTONOMIE<\/h4>\n<p>25 km<\/li>\n<li class=\"col-md-6\">\n<h4>PUISSANCE NOMINALE<\/h4>\n<p>450W<\/li>\n<li class=\"col-md-6\">\n<h4>PUISSANCE MAX<\/h4>\n<p>650W<\/li>\n<li class=\"col-md-6\">\n<h4>VITESSE BRID\u00c9E<\/h4>\n<p>25 km\/h<\/li>\n<li class=\"col-md-6\">\n<h4>VITESSE MAX<\/h4>\n<p>36 km\/h<\/li>\n<li class=\"col-md-6\">\n<h4>POSITION MOTEUR<\/h4>\n<p>AR<\/li>\n<li class=\"col-md-6\">\n<h4>POIDS<\/h4>\n<p>19,5 kg<\/li>\n<li class=\"col-md-6\">\n<h4>CHARGE MAX<\/h4>\n<p>120 kg<\/li>\n<li class=\"col-md-6\">\n<h4>FREINAGE<\/h4>\n<p>AV + AR \u00e0 tambours<\/li>\n<li class=\"col-md-6\">\n<h4>ROUES<\/h4>\n<p>AV : 9 pouces gonflable \/ AR : 9 pouces pneu plein<\/li>\n<li class=\"col-md-6\">\n<h4>CONTROLEUR<\/h4>\n<p>36V25A<\/li>\n<li class=\"col-md-6\">\n<h4>SUSPENSION<\/h4>\n<p>AV + AR \u00e0 ressorts<\/li>\n<li class=\"col-md-6\">\n<h4>ECLAIRAGE<\/h4>\n<p>LED<\/li>\n<li class=\"col-md-6\">\n<h4>\u00c9TANCH\u00c9IT\u00c9<\/h4>\n<p>IPX5<\/li>\n<li class=\"col-md-6\">\n<h4>PENTES<\/h4>\n<p>26.8%[15\u00b0]<\/li>\n<li class=\"col-md-6\">\n<h4>DISPLAY<\/h4>\n<p>EY1 LED avec connectivit\u00e9 bluetooth<\/li>\n<li class=\"col-md-6\">\n<h4>CLIGNOTANTS<\/h4>\n<p>OUI<\/li>\n<li class=\"col-md-6\">\n<h4>TAILLE D\u00c9PLI\u00c9E<\/h4>\n<p>1160 x 590 x 1170 mm (L x l x h)<\/li>\n<li class=\"col-md-6\">\n<h4>TAILLE PLI\u00c9E<\/h4>\n<p>1140 x 590 x 370 mm (L x l x h)<\/li>\n<li class=\"col-md-6\">\n<h4>CHARGEUR<\/h4>\n<p>42V1.5A<\/li>\n<li class=\"col-md-6\">\n<h4>TEMPS DE CHARGE<\/h4>\n<p>5h<\/li>\n<\/ul>\n<\/section>\n<\/div>\n<\/div>\n<p>&nbsp;<\/p>\n<\/div>\n<\/div>\n<\/div>\n<\/div>\n","protected":false},"excerpt":{"rendered":"<h2>DUALTRON &#8211; DOLPHIN &#8211; 36V 7,8A<\/h2>\n<h4><strong>Conception R\u00e9volutionnaire, Plaisir Ultime<\/strong><\/h4>\n<p>D\u00e9couvrez la\u00a0<strong>Dualtron Dolphin<\/strong>, une trottinette \u00e9lectrique qui red\u00e9finit le plaisir de conduire. Avec son poids l\u00e9ger de 19,5 kg et son design r\u00e9volutionnaire, cette trottinette offre une exp\u00e9rience de conduite sans \u00e9gale. La p\u00e9dale monobloc ultra fine et le centre de gravit\u00e9 bas assurent un plaisir de conduite exceptionnel, tandis que le syst\u00e8me de suspension complet, comprenant une suspension avant coaxiale \u00e0 double ressort et une suspension \u00e0 ressort arri\u00e8re, garantit un confort optimal sur tous les types de terrains.<\/p>\n<h4><strong>Intelligence Connect\u00e9e, S\u00e9curit\u00e9 Maximale<\/strong><\/h4>\n<p>La\u00a0<strong>Dualtron Dolphin<\/strong>\u00a0marie intelligence et s\u00e9curit\u00e9 avec un syst\u00e8me de (d\u00e9)verrouillage innovant. Utilisez la carte NFC ou le smartphone NFC pour d\u00e9verrouiller sans contact gr\u00e2ce \u00e0 la technologie Bluetooth. L\u2019\u00e9cran LED affiche clairement des informations essentielles telles que la vitesse, le kilom\u00e9trage et le niveau de la batterie. De plus, de nouvelles ic\u00f4nes de clignotants et de feux de freinage am\u00e9liorent le confort de conduite. Choisissez parmi trois modes de conduite, du mode \u00e9conomie de batterie au mode escalade, pour une exp\u00e9rience enti\u00e8rement personnalis\u00e9e.<\/p>\n<h4><strong>Performances Polyvalentes, Options Vari\u00e9es<\/strong><\/h4>\n<p>La\u00a0<strong>Dualtron Dolphin<\/strong>\u00a0offre des performances polyvalentes avec trois variations de batterie : 36V7.8Ah, 36V12Ah et 36V15Ah Samsung. Les pneus soigneusement s\u00e9lectionn\u00e9s, y compris le pneu arri\u00e8re \u00e0 air plein d\u00e9velopp\u00e9 en Cor\u00e9e, am\u00e9liorent l\u2019exp\u00e9rience de conduite. Que vous optiez pour l\u2019option de pneu tubeless avant ou le pneu auto-obturant, la Dualtron Dolphin garantit une adh\u00e9rence optimale. Avec cette trottinette \u00e9lectrique, vivez une aventure \u00e9lectrisante et personnalis\u00e9e \u00e0 chaque trajet.<\/p>\n[embed]https:\/\/youtu.be\/7vOR7bjKyKc[\/embed]\n","protected":false},"featured_media":3144,"comment_status":"open","ping_status":"closed","template":"","meta":[],"product_brand":[],"product_cat":[67,32],"product_tag":[],"class_list":{"0":"post-2496","1":"product","2":"type-product","3":"status-publish","4":"has-post-thumbnail","6":"product_cat-dualtron","7":"product_cat-trottinettes","8":"product_shipping_class-articles-lourds","10":"first","11":"instock","12":"taxable","13":"shipping-taxable","14":"purchasable","15":"product-type-simple"},"jetpack_sharing_enabled":true,"_links":{"self":[{"href":"https:\/\/e-zymove.com\/index.php\/wp-json\/wp\/v2\/product\/2496","targetHints":{"allow":["GET"]}}],"collection":[{"href":"https:\/\/e-zymove.com\/index.php\/wp-json\/wp\/v2\/product"}],"about":[{"href":"https:\/\/e-zymove.com\/index.php\/wp-json\/wp\/v2\/types\/product"}],"replies":[{"embeddable":true,"href":"https:\/\/e-zymove.com\/index.php\/wp-json\/wp\/v2\/comments?post=2496"}],"version-history":[{"count":8,"href":"https:\/\/e-zymove.com\/index.php\/wp-json\/wp\/v2\/product\/2496\/revisions"}],"predecessor-version":[{"id":2916,"href":"https:\/\/e-zymove.com\/index.php\/wp-json\/wp\/v2\/product\/2496\/revisions\/2916"}],"wp:featuredmedia":[{"embeddable":true,"href":"https:\/\/e-zymove.com\/index.php\/wp-json\/wp\/v2\/media\/3144"}],"wp:attachment":[{"href":"https:\/\/e-zymove.com\/index.php\/wp-json\/wp\/v2\/media?parent=2496"}],"wp:term":[{"taxonomy":"product_brand","embeddable":true,"href":"https:\/\/e-zymove.com\/index.php\/wp-json\/wp\/v2\/product_brand?post=2496"},{"taxonomy":"product_cat","embeddable":true,"href":"https:\/\/e-zymove.com\/index.php\/wp-json\/wp\/v2\/product_cat?post=2496"},{"taxonomy":"product_tag","embeddable":true,"href":"https:\/\/e-zymove.com\/index.php\/wp-json\/wp\/v2\/product_tag?post=2496"}],"curies":[{"name":"wp","href":"https:\/\/api.w.org\/{rel}","templated":true}]}}