{"id":2219,"date":"2023-02-16T17:25:02","date_gmt":"2023-02-16T16:25:02","guid":{"rendered":"https:\/\/e-zymove.com\/?post_type=product&#038;p=2219"},"modified":"2023-03-30T11:03:32","modified_gmt":"2023-03-30T09:03:32","slug":"dirt-bike-enfant-apollo-rxf-rocket-1000w-2023-rose","status":"publish","type":"product","link":"https:\/\/e-zymove.com\/index.php\/produit\/dirt-bike-enfant-apollo-rxf-rocket-1000w-2023-rose\/","title":{"rendered":"Dirt Bike enfant APOLLO RXF ROCKET 1000W 2023 ROSE"},"content":{"rendered":"<p>L\u00e9g\u00e8re, maniable et tr\u00e8s compl\u00e8te, la mini moto RXF Rocket1000w est parfaite pour les enfants de 6 \u00e0 10 ans.<\/p>\n<p>Cette moto b\u00e9n\u00e9ficie des toutes derni\u00e8res \u00e9volutions que le march\u00e9 peut proposer.<br \/>\nElle est \u00e9quip\u00e9e d\u2019un moteur 1000w automatique, et d&rsquo;une batterie 3x12V12Ah pour une autonomie de 1h \u00e0 1h30.<br \/>\nElle est \u00e9quip\u00e9e de potentiom\u00e8tres pouvant r\u00e9gler \u00e0 la fois l&rsquo;acc\u00e9l\u00e9ration, la vitesse de pointe (jusqu&rsquo;\u00e0 28KM\/H) ainsi que le temps de r\u00e9action de la poign\u00e9e d&rsquo;acc\u00e9l\u00e9rateur.<br \/>\nElle est \u00e9quip\u00e9e de freins \u00e0 disque (avant \/ arri\u00e8re) et dispose d\u2019une protection de cha\u00eene<\/p>\n<p>Id\u00e9al pour d\u00e9buter la moto en toute s\u00e9curit\u00e9, cette mini moto cross Rocket 1000w est fa\u00eete pour votre enfant.<br \/>\nRien de tel pour rassurer les parents qui souhaitent voir leurs enfants progresser dans de bonnes conditions.<\/p>\n<p>Contactez-nous par t\u00e9l\u00e9phone, par e-mail ou sur les R\u00e9seaux Sociaux : un de nos conseillers va vous aider<\/p>\n<p>&nbsp;<\/p>\n<ul>\n<li>Moto pour d\u00e9buter de 6 \u00e0 10 ans<\/li>\n<li>Moteur puissant et robuste 1000w<\/li>\n<li>Roues de 10 pouces \u00e0 l&rsquo;arri\u00e8re et 12 \u00e0 l&rsquo;avant<\/li>\n<li>Potentiom\u00e8tre multi r\u00e9glages ( acc\u00e9l\u00e9ration, vitesse maximum, r\u00e9activit\u00e9 de la poign\u00e9e)<\/li>\n<li>Fourche invers\u00e9e<\/li>\n<\/ul>\n<p>&nbsp;<\/p>\n","protected":false},"excerpt":{"rendered":"<h1>Dirt Bike enfant APOLLO RXF ROCKET 1000W 2023 ROSE<\/h1>\n<p>Apr\u00e8s une exp\u00e9rience de 15 ans en Pit bike Apollo Motors a d\u00e9velopp\u00e9 sa mini moto \u00e9lectrique pour enfants : La rocket 1000w.<\/p>\n<p style=\"text-align: center;\"><a href=\"https:\/\/e-zymove.com\/index.php\/produit\/dirt-bike-enfant-apollo-rxf-rocket-1000w-2023-bleu\/\"><img decoding=\"async\" class=\"alignnone wp-image-2017\" src=\"https:\/\/e-zymove.com\/wp-content\/uploads\/2023\/02\/bleu-300x300.jpg\" alt=\"\" width=\"22\" height=\"22\" srcset=\"https:\/\/e-zymove.com\/wp-content\/uploads\/2023\/02\/bleu-300x300.jpg 300w, https:\/\/e-zymove.com\/wp-content\/uploads\/2023\/02\/bleu-100x100.jpg 100w, https:\/\/e-zymove.com\/wp-content\/uploads\/2023\/02\/bleu-600x600.jpg 600w, https:\/\/e-zymove.com\/wp-content\/uploads\/2023\/02\/bleu-1024x1024.jpg 1024w, https:\/\/e-zymove.com\/wp-content\/uploads\/2023\/02\/bleu-150x150.jpg 150w, https:\/\/e-zymove.com\/wp-content\/uploads\/2023\/02\/bleu-768x768.jpg 768w, https:\/\/e-zymove.com\/wp-content\/uploads\/2023\/02\/bleu-350x350.jpg 350w, https:\/\/e-zymove.com\/wp-content\/uploads\/2023\/02\/bleu.jpg 1080w\" sizes=\"(max-width: 22px) 100vw, 22px\" \/><\/a> <a href=\"https:\/\/e-zymove.com\/index.php\/produit\/dirt-bike-enfant-apollo-rxf-rocket-1000w-2023-jaune\/\"><img decoding=\"async\" class=\"alignnone wp-image-2081\" src=\"https:\/\/e-zymove.com\/wp-content\/uploads\/2023\/02\/jaune-1-300x300.jpg\" alt=\"\" width=\"22\" height=\"22\" srcset=\"https:\/\/e-zymove.com\/wp-content\/uploads\/2023\/02\/jaune-1-300x300.jpg 300w, https:\/\/e-zymove.com\/wp-content\/uploads\/2023\/02\/jaune-1-100x100.jpg 100w, https:\/\/e-zymove.com\/wp-content\/uploads\/2023\/02\/jaune-1-600x600.jpg 600w, https:\/\/e-zymove.com\/wp-content\/uploads\/2023\/02\/jaune-1-1024x1024.jpg 1024w, https:\/\/e-zymove.com\/wp-content\/uploads\/2023\/02\/jaune-1-150x150.jpg 150w, https:\/\/e-zymove.com\/wp-content\/uploads\/2023\/02\/jaune-1-768x768.jpg 768w, https:\/\/e-zymove.com\/wp-content\/uploads\/2023\/02\/jaune-1-350x350.jpg 350w, https:\/\/e-zymove.com\/wp-content\/uploads\/2023\/02\/jaune-1.jpg 1080w\" sizes=\"(max-width: 22px) 100vw, 22px\" \/><\/a> <a href=\"https:\/\/e-zymove.com\/index.php\/produit\/dirt-bike-enfant-apollo-rxf-rocket-1000w-2023-orange\/\"><img decoding=\"async\" class=\"alignnone wp-image-2082\" src=\"https:\/\/e-zymove.com\/wp-content\/uploads\/2023\/02\/orange-2-300x300.jpg\" alt=\"\" width=\"22\" height=\"22\" srcset=\"https:\/\/e-zymove.com\/wp-content\/uploads\/2023\/02\/orange-2-300x300.jpg 300w, https:\/\/e-zymove.com\/wp-content\/uploads\/2023\/02\/orange-2-100x100.jpg 100w, https:\/\/e-zymove.com\/wp-content\/uploads\/2023\/02\/orange-2-600x600.jpg 600w, https:\/\/e-zymove.com\/wp-content\/uploads\/2023\/02\/orange-2-1024x1024.jpg 1024w, https:\/\/e-zymove.com\/wp-content\/uploads\/2023\/02\/orange-2-150x150.jpg 150w, https:\/\/e-zymove.com\/wp-content\/uploads\/2023\/02\/orange-2-768x768.jpg 768w, https:\/\/e-zymove.com\/wp-content\/uploads\/2023\/02\/orange-2-350x350.jpg 350w, https:\/\/e-zymove.com\/wp-content\/uploads\/2023\/02\/orange-2.jpg 1080w\" sizes=\"(max-width: 22px) 100vw, 22px\" \/><\/a>\u00a0<a href=\"https:\/\/e-zymove.com\/index.php\/produit\/dirt-bike-enfant-apollo-rxf-rocket-1000w-2023-rouge\/\"><img loading=\"lazy\" decoding=\"async\" class=\"alignnone wp-image-2084\" src=\"https:\/\/e-zymove.com\/wp-content\/uploads\/2023\/02\/rouge-1-300x300.jpg\" alt=\"\" width=\"22\" height=\"22\" srcset=\"https:\/\/e-zymove.com\/wp-content\/uploads\/2023\/02\/rouge-1-300x300.jpg 300w, https:\/\/e-zymove.com\/wp-content\/uploads\/2023\/02\/rouge-1-100x100.jpg 100w, https:\/\/e-zymove.com\/wp-content\/uploads\/2023\/02\/rouge-1-600x600.jpg 600w, https:\/\/e-zymove.com\/wp-content\/uploads\/2023\/02\/rouge-1-1024x1024.jpg 1024w, https:\/\/e-zymove.com\/wp-content\/uploads\/2023\/02\/rouge-1-150x150.jpg 150w, https:\/\/e-zymove.com\/wp-content\/uploads\/2023\/02\/rouge-1-768x768.jpg 768w, https:\/\/e-zymove.com\/wp-content\/uploads\/2023\/02\/rouge-1-350x350.jpg 350w, https:\/\/e-zymove.com\/wp-content\/uploads\/2023\/02\/rouge-1.jpg 1080w\" sizes=\"(max-width: 22px) 100vw, 22px\" \/><\/a> <a href=\"https:\/\/e-zymove.com\/index.php\/produit\/dirt-bike-enfant-apollo-rxf-rocket-1000w-2023-vert\/\"><img loading=\"lazy\" decoding=\"async\" class=\"alignnone wp-image-2085\" src=\"https:\/\/e-zymove.com\/wp-content\/uploads\/2023\/02\/vert-1-300x300.jpg\" alt=\"\" width=\"23\" height=\"23\" srcset=\"https:\/\/e-zymove.com\/wp-content\/uploads\/2023\/02\/vert-1-300x300.jpg 300w, https:\/\/e-zymove.com\/wp-content\/uploads\/2023\/02\/vert-1-100x100.jpg 100w, https:\/\/e-zymove.com\/wp-content\/uploads\/2023\/02\/vert-1-600x600.jpg 600w, https:\/\/e-zymove.com\/wp-content\/uploads\/2023\/02\/vert-1-1024x1024.jpg 1024w, https:\/\/e-zymove.com\/wp-content\/uploads\/2023\/02\/vert-1-150x150.jpg 150w, https:\/\/e-zymove.com\/wp-content\/uploads\/2023\/02\/vert-1-768x768.jpg 768w, https:\/\/e-zymove.com\/wp-content\/uploads\/2023\/02\/vert-1-350x350.jpg 350w, https:\/\/e-zymove.com\/wp-content\/uploads\/2023\/02\/vert-1.jpg 1080w\" sizes=\"(max-width: 23px) 100vw, 23px\" \/><\/a><\/p>\n<p>&nbsp;<\/p>\n","protected":false},"featured_media":2220,"comment_status":"open","ping_status":"closed","template":"","meta":[],"product_brand":[],"product_cat":[66,65],"product_tag":[],"class_list":{"0":"post-2219","1":"product","2":"type-product","3":"status-publish","4":"has-post-thumbnail","6":"product_cat-apollo-motors","7":"product_cat-dirt-bike","9":"first","10":"instock","11":"taxable","12":"shipping-taxable","13":"purchasable","14":"product-type-simple"},"jetpack_sharing_enabled":true,"_links":{"self":[{"href":"https:\/\/e-zymove.com\/index.php\/wp-json\/wp\/v2\/product\/2219","targetHints":{"allow":["GET"]}}],"collection":[{"href":"https:\/\/e-zymove.com\/index.php\/wp-json\/wp\/v2\/product"}],"about":[{"href":"https:\/\/e-zymove.com\/index.php\/wp-json\/wp\/v2\/types\/product"}],"replies":[{"embeddable":true,"href":"https:\/\/e-zymove.com\/index.php\/wp-json\/wp\/v2\/comments?post=2219"}],"version-history":[{"count":2,"href":"https:\/\/e-zymove.com\/index.php\/wp-json\/wp\/v2\/product\/2219\/revisions"}],"predecessor-version":[{"id":2246,"href":"https:\/\/e-zymove.com\/index.php\/wp-json\/wp\/v2\/product\/2219\/revisions\/2246"}],"wp:featuredmedia":[{"embeddable":true,"href":"https:\/\/e-zymove.com\/index.php\/wp-json\/wp\/v2\/media\/2220"}],"wp:attachment":[{"href":"https:\/\/e-zymove.com\/index.php\/wp-json\/wp\/v2\/media?parent=2219"}],"wp:term":[{"taxonomy":"product_brand","embeddable":true,"href":"https:\/\/e-zymove.com\/index.php\/wp-json\/wp\/v2\/product_brand?post=2219"},{"taxonomy":"product_cat","embeddable":true,"href":"https:\/\/e-zymove.com\/index.php\/wp-json\/wp\/v2\/product_cat?post=2219"},{"taxonomy":"product_tag","embeddable":true,"href":"https:\/\/e-zymove.com\/index.php\/wp-json\/wp\/v2\/product_tag?post=2219"}],"curies":[{"name":"wp","href":"https:\/\/api.w.org\/{rel}","templated":true}]}}