{"id":1158,"date":"2023-01-24T23:24:12","date_gmt":"2023-01-24T22:24:12","guid":{"rendered":"https:\/\/e-zymove.com\/?post_type=product&#038;p=1158"},"modified":"2025-03-10T10:37:43","modified_gmt":"2025-03-10T09:37:43","slug":"pink-style","status":"publish","type":"product","link":"https:\/\/e-zymove.com\/index.php\/produit\/pink-style\/","title":{"rendered":"Pink &#8211; Style"},"content":{"rendered":"<p>Le Pink Mobility Pink Style est un scooter \u00e9lectrique vintage et \u00e9quivalent 50 cm3. Il est l\u2019une des r\u00e9f\u00e9rences r\u00e9tro de sa cat\u00e9gorie. Il est accessible<strong>\u00a0sans permis<\/strong>\u00a0si vous \u00eates n\u00e9 avant le 1er janvier 1988. N\u00e9 \u00e0 partir de cette date, il vous faudra le permis AM. Le Pink Mobility Pink Style est partiellement assembl\u00e9 en France : ses batteries et son SAV en France sont des gages de tranquillit\u00e9.<\/p>\n<h3><picture class=\"aligncenter wp-image-87097 size-full\"><source srcset=\"https:\/\/www.go2roues.com\/wp-content\/uploads\/2018\/05\/pink-mobility-pink-style-lifestyle-sable.jpg.webp 1280w, https:\/\/www.go2roues.com\/wp-content\/uploads\/2018\/05\/pink-mobility-pink-style-lifestyle-sable-300x113.jpg.webp 300w, https:\/\/www.go2roues.com\/wp-content\/uploads\/2018\/05\/pink-mobility-pink-style-lifestyle-sable-1024x384.jpg.webp 1024w, https:\/\/www.go2roues.com\/wp-content\/uploads\/2018\/05\/pink-mobility-pink-style-lifestyle-sable-768x288.jpg.webp 768w, https:\/\/www.go2roues.com\/wp-content\/uploads\/2018\/05\/pink-mobility-pink-style-lifestyle-sable-655x246.jpg.webp 655w\" type=\"image\/webp\" sizes=\"(max-width: 1280px) 100vw, 1280px\" data-lazy-srcset=\"https:\/\/www.go2roues.com\/wp-content\/uploads\/2018\/05\/pink-mobility-pink-style-lifestyle-sable.jpg.webp 1280w, https:\/\/www.go2roues.com\/wp-content\/uploads\/2018\/05\/pink-mobility-pink-style-lifestyle-sable-300x113.jpg.webp 300w, https:\/\/www.go2roues.com\/wp-content\/uploads\/2018\/05\/pink-mobility-pink-style-lifestyle-sable-1024x384.jpg.webp 1024w, https:\/\/www.go2roues.com\/wp-content\/uploads\/2018\/05\/pink-mobility-pink-style-lifestyle-sable-768x288.jpg.webp 768w, https:\/\/www.go2roues.com\/wp-content\/uploads\/2018\/05\/pink-mobility-pink-style-lifestyle-sable-655x246.jpg.webp 655w\" data-lazy-sizes=\"(max-width: 1280px) 100vw, 1280px\" \/><\/picture>Une motorisation puissante et \u00e9conomique<\/h3>\n<p>Le moteur \u00e9lectrique du Pink Mobility Pink Style d\u00e9veloppe 3 000 Watts en nominal et\u00a0<strong>4 000 Watts en pic<\/strong>. Les acc\u00e9l\u00e9rations sont franches,\u00a0<strong>plaisantes<\/strong>, sans \u00e0-coups. Avec le Rider 3000W, le Pink Style est l\u2019un des scooters \u00e9lectriques \u00e9quivalent 50 cm3 les plus puissants, du m\u00eame niveau que ce que proposent ses concurrents. Son moteur est int\u00e9gr\u00e9 en roue arri\u00e8re : il ne demande pas de transmission, de chaine ou de courroie. L\u2019entretien est donc tr\u00e8s limit\u00e9. Il est \u00e9galement\u00a0<strong>tr\u00e8s \u00e9conomique<\/strong> \u00e0 l\u2019usage : en terme de \u00ab carburant \u00bb, comptez environ 40 centimes d\u2019euros au 100 kilom\u00e8tres.<\/p>\n<h3>Trois modes de puissance pour vous faciliter la conduite<\/h3>\n<p>Le Pink Mobility Pink Style pr\u00e9sente trois modes de conduites : 1, 2 et 3. De mani\u00e8re \u00e0 faciliter votre conduite, ils sont ais\u00e9ment s\u00e9lectionnables en conduisant. Ils vous permettent\u00a0<strong>d\u2019adapter votre conduite \u00e0 la circulation<\/strong>. Le mode le moins puissant, et donc le plus \u00e9conomique, est le mode 1 ou \u00ab Eco \u00bb. Dans cette configuration, on pourra r\u00e9aliser des man\u0153uvres \u00e0 basse vitesse : les acc\u00e9l\u00e9rations sont tr\u00e8s douces. Le second mode permet d\u2019atteindre les 30 km\/h et permettra de circuler sereinement en zone 30, par exemple. Le mode 3 lib\u00e8rera toute la puissance du moteur et permettra d\u2019atteindre les 45 km\/h.<\/p>\n<h3>Pink Mobility Pink Style : jusqu\u2019\u00e0 deux batteries amovibles<\/h3>\n<p>Le Pink Mobility Pink Style peut emporter jusqu\u2019\u00e0 deux batteries amovibles. Gage de qualit\u00e9, les cellules sont des lithium-ion de marque\u00a0<strong>Panasonic<\/strong>. Ces batteries sont situ\u00e9es sous la selle. Gr\u00e2ce au chargeur fourni de s\u00e9rie, elles se rechargent \u00e0 100% en\u00a0<strong>6 heures<\/strong>\u00a0sur une simple prise 220 V. Ainsi, vous pourrez recharger chez vous, \u00e0 la maison. Ou, au travail,\u00a0ou chez des amis. Le chargeur fourni pr\u00e9sente une intensit\u00e9 de 5A. Si vous optez pour le chargeur rapide, pr\u00e9sentant une intensit\u00e9 de\u00a0<strong>10A<\/strong>, le temps de charge complet sera de\u00a0<strong>4 heures<\/strong>. Chaque batterie amovible p\u00e8se\u00a0<strong>11 kg<\/strong>. D\u2019apr\u00e8s son constructeur, l\u2019autonomie d\u00e9pend de la conduite et du nombre de batteries embarqu\u00e9es : 60 km d\u2019autonomie avec un pack de batterie et jusqu\u2019\u00e0 120 km d\u2019autonomie avec deux packs si vous utilisez le Pink Style en ville.<\/p>\n<h3>Par batterie, jusqu\u2019\u00e0 45 kilom\u00e8tres d\u2019autonomie r\u00e9elle en ville<\/h3>\n<p>Chacune des batteries du Pink Mobility Pink Style dispose d\u2019une capacit\u00e9 de 72V \/ 29Ah, soit<strong>\u00a02.08 kWh<\/strong>.\u00a0 D\u2019apr\u00e8s son constructeur, l\u2019autonomie maximale par batterie est de 60 kilom\u00e8tres. Dans la r\u00e9alit\u00e9, avec un conducteur de 80 kg et une temp\u00e9rature de 15\u00b0, il sera possible de r\u00e9aliser\u00a0<strong>55 kilom\u00e8tres<\/strong>\u00a0en zone 30. En ville, en roulant en mode Sport, il sera possible d\u2019atteindre\u00a0<strong>45 kilom\u00e8tres d\u2019autonomie<\/strong>, par batterie. En utilisant le Pink Style avec deux batteries, l\u2019autonomie r\u00e9elle sera\u00a0<strong>doubl\u00e9e<\/strong>.<\/p>\n<h3>Le Pink Mobility Pink Style est s\u00e9curisant<\/h3>\n<p>Ce scooter offre une position de conduite agr\u00e9able. Il est un scooter \u00e9lectrique<strong>\u00a0homologu\u00e9 deux places<\/strong>. Votre passager pourra profiter de repose-pieds et d\u2019une poign\u00e9e de maintien. Le freinage avant et arri\u00e8re est \u00e0 disque. Celui-ci est reli\u00e9 par le syst\u00e8me\u00a0<strong>CBS<\/strong>, ou freinage coupl\u00e9. Ce syst\u00e8me permet de r\u00e9duire consid\u00e9rablement les distances de freinage du Pink Mobility Pink Style. C\u2019est\u00a0<strong>un grand plus<\/strong>\u00a0pour la s\u00e9curit\u00e9.<\/p>\n<h3>Un petit compteur monochrome<\/h3>\n<p>Le compteur LCD du Pink Mobility Pink Style est monochrome, simple, mais\u00a0<strong>lisible\u00a0<\/strong>et relativement complet. On y trouve la vitesse instantan\u00e9e, l\u2019\u00e9tat de charge de la batterie, le mode s\u00e9lectionn\u00e9 et un odom\u00e8tre. \u00c0 noter, on regrette l\u2019absence de port USB.<\/p>\n<p>Le Pink Mobility Pink Style est garantie 2 ans, pi\u00e8ces et main-d\u2019\u0153uvre et est \u00e9ligible aux primes et bonus \u00e9cologique.<\/p>\n","protected":false},"excerpt":{"rendered":"<div class=\"et_pb_module et_pb_text et_pb_text_0 no-stroke et_pb_text_align_center et_pb_bg_layout_light et_multi_view__hover_selector\">\n<div class=\"et_pb_text_inner\" style=\"box-sizing: border-box; margin: 0px; padding: 0px; border: 0px; outline: 0px; font-size: 14px; text-size-adjust: 100%; vertical-align: baseline; background: transparent; position: relative;\" data-et-multi-view=\"{&quot;schema&quot;:{&quot;content&quot;:{&quot;desktop&quot;:&quot;&lt;h3&gt;Le scooter \\u00e9lectrique&lt;br \\\/&gt;aux lignes r\\u00e9tro, en&lt;br \\\/&gt;avance sur sa techno&lt;\\\/h3&gt;&quot;,&quot;tablet&quot;:&quot;&lt;h3 style=\\&quot;font-size: 25px; txt-align: center;\\&quot;&gt;Le scooter \\u00e9lectrique aux lignes r\\u00e9tro, en avance sur sa techno&lt;\\\/h3&gt;&quot;,&quot;phone&quot;:&quot;&lt;h3 style=\\&quot;font-size: 20px; text-align: center;\\&quot;&gt;Le scooter \\u00e9lectrique aux lignes r\\u00e9tro, en avance sur sa techno&lt;\\\/h3&gt;&quot;}},&quot;slug&quot;:&quot;et_pb_text&quot;}\" data-et-multi-view-load-tablet-hidden=\"true\" data-et-multi-view-load-phone-hidden=\"true\">\n<h1>PINK STYLE<br \/>\n50CC<\/h1>\n<h3>LE SCOOTER \u00c9LECTRIQUE<br \/>\nAUX LIGNES R\u00c9TRO, EN<br \/>\nAVANCE SUR SA TECHNO<\/h3>\n<\/div>\n<\/div>\n<div class=\"et_pb_module et_pb_text et_pb_text_1 et_pb_text_align_center et_pb_bg_layout_light et_multi_view__hover_selector\">\n<div class=\"et_pb_text_inner\" style=\"box-sizing: border-box; margin: 0px; padding: 0px; border: 0px; outline: 0px; font-size: 14px; text-size-adjust: 100%; vertical-align: baseline; background: transparent; position: relative;\" data-et-multi-view=\"{&quot;schema&quot;:{&quot;content&quot;:{&quot;desktop&quot;:&quot;&lt;h1 style=\\&quot;font-size: 100px;\\&quot;&gt;Pink&lt;br \\\/&gt;Style&lt;br \\\/&gt;50cc&lt;\\\/h1&gt;&quot;,&quot;tablet&quot;:&quot;&lt;h1 style=\\&quot;font-size: 45px;text-align:center\\&quot;&gt;Pink Style 50cc&lt;\\\/h1&gt;&quot;,&quot;phone&quot;:&quot;&lt;h1 style=\\&quot;font-size: 25px;\\&quot;&gt;Pink Style 50cc&lt;\\\/h1&gt;&quot;}},&quot;slug&quot;:&quot;et_pb_text&quot;}\" data-et-multi-view-load-tablet-hidden=\"true\" data-et-multi-view-load-phone-hidden=\"true\">\n<div class=\"et_pb_row et_pb_row_0\">\n<div class=\"et_pb_column et_pb_column_4_4 et_pb_column_0 et_pb_css_mix_blend_mode_passthrough et-last-child\">\n<div class=\"et_pb_module et_pb_text et_pb_text_2 no-stroke et_pb_text_align_justified et_pb_text_align_center-tablet et_pb_bg_layout_light et_multi_view__hover_selector\">\n<div class=\"et_pb_text_inner\" style=\"box-sizing: border-box; margin: 0px; padding: 0px; border: 0px; outline: 0px; font-size: 14px; text-size-adjust: 100%; vertical-align: baseline; background: transparent; position: relative;\" data-et-multi-view=\"{&quot;schema&quot;:{&quot;content&quot;:{&quot;desktop&quot;:&quot;&lt;p style=\\&quot;text-align: justify;\\&quot;&gt;Objet de toutes les attentions, notre scooter \\u00e9lectrique r\\u00e9tro 50cc affiche d\\u00e9sormais 30% d\\u2019autonomie et 70% de puissance moteur suppl\\u00e9mentaires : jusqu\\u2019\\u00e0 80 km d\\u2019autonomie &lt;span&gt;avec une capacit\\u00e9 batterie de 2,1 kWh&lt;\\\/span&gt;. Adapt\\u00e9 pour les professionnels de la location de scooters \\u00e9lectriques, le Pink Style se vend aussi en version connect\\u00e9e pour les gestionnaires de flottes. Pl\\u00e9biscit\\u00e9 par YEGO et Hello Scoot\u2019, sp\\u00e9cialistes du scooter en libre-service.&lt;\\\/p&gt;&quot;,&quot;tablet&quot;:&quot;&lt;p style=\\&quot;text-align: justify;\\&quot;&gt;Objet de toutes les attentions, notre scooter \\u00e9lectrique r\\u00e9tro 50cc affiche d\\u00e9sormais 30% d\\u2019autonomie et 70% de puissance moteur suppl\\u00e9mentaires : jusqu\\u2019\\u00e0 80 km d\\u2019autonomie avec un pack batterie 2,1 kWh. Adapt\\u00e9 pour les professionnels de la location de scooters \\u00e9lectriques, le Pink Style se vend aussi en version connect\\u00e9e pour les gestionnaires de flottes. Pl\\u00e9biscit\\u00e9 par YEGO et Hello Scoot', sp\\u00e9cialistes du scooter en libre-service.&lt;\\\/p&gt;&quot;}},&quot;slug&quot;:&quot;et_pb_text&quot;}\" data-et-multi-view-load-tablet-hidden=\"true\">\n<p>Objet de toutes les attentions, notre scooter \u00e9lectrique r\u00e9tro 50cc affiche d\u00e9sormais 30% d\u2019autonomie et 70% de puissance moteur suppl\u00e9mentaires : jusqu\u2019\u00e0 80 km d\u2019autonomie avec une capacit\u00e9 batterie de 2,1 kWh. Adapt\u00e9 pour les professionnels de la location de scooters \u00e9lectriques, le Pink Style se vend aussi en version connect\u00e9e pour les gestionnaires de flottes. Pl\u00e9biscit\u00e9 par YEGO et Hello Scoot\u2019, sp\u00e9cialistes du scooter en libre-service.<\/p>\n<\/div>\n<p><strong><span style=\"color: #ff6600;\"><a style=\"color: #ff6600;\" href=\"https:\/\/www.pinkmobility.com\/wp-content\/uploads\/2022\/11\/PINK_STYLE_FLYER.pdf\">Cliquez ici pour t\u00e9l\u00e9charger la fiche technique<\/a><\/span><\/strong><\/p>\n<p>Prix hors options affich\u00e9es et hors prestations de mise \u00e0 la route et immatriculation. Photo non contractuelle.<\/p>\n<\/div>\n<\/div>\n<\/div>\n<\/div>\n<\/div>\n","protected":false},"featured_media":1310,"comment_status":"open","ping_status":"closed","template":"","meta":[],"product_brand":[],"product_cat":[36,35],"product_tag":[],"class_list":{"0":"post-1158","1":"product","2":"type-product","3":"status-publish","4":"has-post-thumbnail","6":"product_cat-pink-mobility","7":"product_cat-scooters-50cc","9":"first","10":"instock","11":"taxable","12":"shipping-taxable","13":"purchasable","14":"product-type-simple"},"jetpack_sharing_enabled":true,"_links":{"self":[{"href":"https:\/\/e-zymove.com\/index.php\/wp-json\/wp\/v2\/product\/1158","targetHints":{"allow":["GET"]}}],"collection":[{"href":"https:\/\/e-zymove.com\/index.php\/wp-json\/wp\/v2\/product"}],"about":[{"href":"https:\/\/e-zymove.com\/index.php\/wp-json\/wp\/v2\/types\/product"}],"replies":[{"embeddable":true,"href":"https:\/\/e-zymove.com\/index.php\/wp-json\/wp\/v2\/comments?post=1158"}],"version-history":[{"count":4,"href":"https:\/\/e-zymove.com\/index.php\/wp-json\/wp\/v2\/product\/1158\/revisions"}],"predecessor-version":[{"id":4498,"href":"https:\/\/e-zymove.com\/index.php\/wp-json\/wp\/v2\/product\/1158\/revisions\/4498"}],"wp:featuredmedia":[{"embeddable":true,"href":"https:\/\/e-zymove.com\/index.php\/wp-json\/wp\/v2\/media\/1310"}],"wp:attachment":[{"href":"https:\/\/e-zymove.com\/index.php\/wp-json\/wp\/v2\/media?parent=1158"}],"wp:term":[{"taxonomy":"product_brand","embeddable":true,"href":"https:\/\/e-zymove.com\/index.php\/wp-json\/wp\/v2\/product_brand?post=1158"},{"taxonomy":"product_cat","embeddable":true,"href":"https:\/\/e-zymove.com\/index.php\/wp-json\/wp\/v2\/product_cat?post=1158"},{"taxonomy":"product_tag","embeddable":true,"href":"https:\/\/e-zymove.com\/index.php\/wp-json\/wp\/v2\/product_tag?post=1158"}],"curies":[{"name":"wp","href":"https:\/\/api.w.org\/{rel}","templated":true}]}}